CRAN Package Check Results for Package omsvg

Last updated on 2024-07-16 07:01:46 CEST.

Flavor Version Tinstall Tcheck Ttotal Status Flags
r-devel-linux-x86_64-debian-clang 0.1.0 9.78 43.61 53.39 NOTE
r-devel-linux-x86_64-debian-gcc 0.1.0 8.79 32.89 41.68 NOTE
r-devel-linux-x86_64-fedora-clang 0.1.0 69.61 NOTE
r-devel-linux-x86_64-fedora-gcc 0.1.0 66.82 NOTE
r-devel-windows-x86_64 0.1.0 11.00 61.00 72.00 NOTE
r-patched-linux-x86_64 0.1.0 10.10 41.46 51.56 NOTE
r-release-linux-x86_64 0.1.0 6.70 42.04 48.74 NOTE
r-release-macos-arm64 0.1.0 26.00 NOTE
r-release-macos-x86_64 0.1.0 34.00 NOTE
r-release-windows-x86_64 0.1.0 11.00 61.00 72.00 NOTE
r-oldrel-macos-arm64 0.1.0 25.00 NOTE
r-oldrel-macos-x86_64 0.1.0 35.00 NOTE
r-oldrel-windows-x86_64 0.1.0 13.00 66.00 79.00 NOTE

Check Details

Version: 0.1.0
Check: LazyData
Result: NOTE 'LazyData' is specified without a 'data' directory Flavors: r-devel-linux-x86_64-debian-clang, r-devel-linux-x86_64-debian-gcc, r-devel-linux-x86_64-fedora-clang, r-devel-linux-x86_64-fedora-gcc, r-devel-windows-x86_64, r-patched-linux-x86_64, r-release-linux-x86_64, r-release-macos-arm64, r-release-macos-x86_64, r-release-windows-x86_64, r-oldrel-macos-arm64, r-oldrel-macos-x86_64, r-oldrel-windows-x86_64

Version: 0.1.0
Check: dependencies in R code
Result: NOTE Namespace in Imports field not imported from: ‘gt’ All declared Imports should be used. Flavors: r-devel-linux-x86_64-fedora-clang, r-devel-linux-x86_64-fedora-gcc