CRAN Package Check Results for Package olctools

Last updated on 2024-07-25 06:52:22 CEST.

Flavor Version Tinstall Tcheck Ttotal Status Flags
r-devel-linux-x86_64-debian-clang 0.3.0 28.34 32.71 61.05 OK
r-devel-linux-x86_64-debian-gcc 0.3.0 19.66 25.30 44.96 OK
r-devel-linux-x86_64-fedora-clang 0.3.0 123.89 NOTE
r-devel-linux-x86_64-fedora-gcc 0.3.0 104.34 NOTE
r-devel-windows-x86_64 0.3.0 25.00 65.00 90.00 OK
r-patched-linux-x86_64 0.3.0 37.74 30.96 68.70 OK
r-release-linux-x86_64 0.3.0 26.54 32.02 58.56 OK
r-release-macos-arm64 0.3.0 34.00 OK
r-release-macos-x86_64 0.3.0 45.00 OK
r-release-windows-x86_64 0.3.0 37.00 62.00 99.00 OK
r-oldrel-macos-arm64 0.3.0 37.00 OK
r-oldrel-macos-x86_64 0.3.0 61.00 OK
r-oldrel-windows-x86_64 0.3.0 25.00 72.00 97.00 OK

Check Details

Version: 0.3.0
Check: compiled code
Result: NOTE File ‘olctools/libs/olctools.so’: Found no calls to: ‘R_registerRoutines’, ‘R_useDynamicSymbols’ It is good practice to register native routines and to disable symbol search. See ‘Writing portable packages’ in the ‘Writing R Extensions’ manual. Flavors: r-devel-linux-x86_64-fedora-clang, r-devel-linux-x86_64-fedora-gcc