CRAN Package Check Results for Package oddsapiR

Last updated on 2024-07-20 18:57:37 CEST.

Flavor Version Tinstall Tcheck Ttotal Status Flags
r-devel-linux-x86_64-debian-clang 0.0.3 8.04 67.71 75.75 OK
r-devel-linux-x86_64-debian-gcc 0.0.3 5.41 50.17 55.58 OK
r-devel-linux-x86_64-fedora-clang 0.0.3 96.70 NOTE
r-devel-linux-x86_64-fedora-gcc 0.0.3 88.92 NOTE
r-devel-windows-x86_64 0.0.3 8.00 68.00 76.00 OK
r-patched-linux-x86_64 0.0.3 6.95 62.47 69.42 OK
r-release-linux-x86_64 0.0.3 4.28 63.23 67.51 OK
r-release-macos-arm64 0.0.3 28.00 OK
r-release-macos-x86_64 0.0.3 44.00 OK
r-release-windows-x86_64 0.0.3 7.00 69.00 76.00 OK
r-oldrel-macos-arm64 0.0.3 29.00 OK
r-oldrel-macos-x86_64 0.0.3 44.00 OK
r-oldrel-windows-x86_64 0.0.3 10.00 80.00 90.00 OK

Check Details

Version: 0.0.3
Check: data for non-ASCII characters
Result: NOTE Note: found 4 marked UTF-8 strings Flavors: r-devel-linux-x86_64-fedora-clang, r-devel-linux-x86_64-fedora-gcc