CRAN Package Check Results for Package nycflights13

Last updated on 2024-07-23 18:59:06 CEST.

Flavor Version Tinstall Tcheck Ttotal Status Flags
r-devel-linux-x86_64-debian-clang 1.0.2 19.08 56.46 75.54 OK
r-devel-linux-x86_64-debian-gcc 1.0.2 18.39 44.93 63.32 OK
r-devel-linux-x86_64-fedora-clang 1.0.2 95.08 OK
r-devel-linux-x86_64-fedora-gcc 1.0.2 91.98 OK
r-devel-windows-x86_64 1.0.2 17.00 58.00 75.00 OK
r-patched-linux-x86_64 1.0.2 17.99 51.43 69.42 OK
r-release-linux-x86_64 1.0.2 18.17 52.61 70.78 OK
r-release-macos-arm64 1.0.2 40.00 NOTE
r-release-macos-x86_64 1.0.2 59.00 NOTE
r-release-windows-x86_64 1.0.2 16.00 58.00 74.00 OK
r-oldrel-macos-arm64 1.0.2 46.00 NOTE
r-oldrel-macos-x86_64 1.0.2 68.00 NOTE
r-oldrel-windows-x86_64 1.0.2 24.00 71.00 95.00 OK

Check Details

Version: 1.0.2
Check: installed package size
Result: NOTE installed size is 5.2Mb sub-directories of 1Mb or more: data 5.1Mb Flavors: r-release-macos-arm64, r-release-macos-x86_64, r-oldrel-macos-arm64, r-oldrel-macos-x86_64