CRAN Package Check Results for Package nprobust

Last updated on 2024-07-21 18:54:18 CEST.

Flavor Version Tinstall Tcheck Ttotal Status Flags
r-devel-linux-x86_64-debian-clang 0.4.0 37.16 68.61 105.77 NOTE
r-devel-linux-x86_64-debian-gcc 0.4.0 29.69 51.05 80.74 NOTE
r-devel-linux-x86_64-fedora-clang 0.4.0 151.39 NOTE
r-devel-linux-x86_64-fedora-gcc 0.4.0 156.86 NOTE
r-devel-windows-x86_64 0.4.0 36.00 91.00 127.00 NOTE
r-patched-linux-x86_64 0.4.0 46.97 63.53 110.50 NOTE
r-release-linux-x86_64 0.4.0 42.61 63.59 106.20 NOTE
r-release-macos-arm64 0.4.0 41.00 NOTE
r-release-macos-x86_64 0.4.0 68.00 NOTE
r-release-windows-x86_64 0.4.0 40.00 86.00 126.00 NOTE
r-oldrel-macos-arm64 0.4.0 44.00 NOTE
r-oldrel-macos-x86_64 0.4.0 69.00 NOTE
r-oldrel-windows-x86_64 0.4.0 49.00 153.00 202.00 NOTE

Check Details

Version: 0.4.0
Check: C++ specification
Result: NOTE Specified C++11: please drop specification unless essential Flavors: r-devel-linux-x86_64-debian-clang, r-devel-linux-x86_64-debian-gcc, r-devel-linux-x86_64-fedora-clang, r-devel-linux-x86_64-fedora-gcc, r-devel-windows-x86_64, r-patched-linux-x86_64, r-release-linux-x86_64, r-release-macos-arm64, r-release-macos-x86_64, r-release-windows-x86_64, r-oldrel-macos-arm64, r-oldrel-macos-x86_64, r-oldrel-windows-x86_64

Version: 0.4.0
Check: Rd cross-references
Result: NOTE Found the following Rd file(s) with Rd \link{} targets missing package anchors: nprobust.plot.Rd: ggplot2 Please provide package anchors for all Rd \link{} targets not in the package itself and the base packages. Flavors: r-devel-linux-x86_64-debian-gcc, r-devel-windows-x86_64