CRAN Package Check Results for Package np

Last updated on 2024-07-17 06:57:59 CEST.

Flavor Version Tinstall Tcheck Ttotal Status Flags
r-devel-linux-x86_64-debian-clang 0.60-17 62.77 510.17 572.94 OK
r-devel-linux-x86_64-debian-gcc 0.60-17 54.46 350.51 404.97 OK
r-devel-linux-x86_64-fedora-clang 0.60-17 640.38 OK
r-devel-linux-x86_64-fedora-gcc 0.60-17 651.98 OK
r-devel-windows-x86_64 0.60-17 58.00 147.00 205.00 NOTE --no-examples --no-tests --no-vignettes
r-patched-linux-x86_64 0.60-17 75.08 506.81 581.89 OK
r-release-linux-x86_64 0.60-17 70.15 491.46 561.61 OK
r-release-macos-arm64 0.60-17 171.00 OK
r-release-macos-x86_64 0.60-17 316.00 OK
r-release-windows-x86_64 0.60-17 59.00 144.00 203.00 OK --no-examples --no-tests --no-vignettes
r-oldrel-macos-arm64 0.60-17 290.00 OK
r-oldrel-macos-x86_64 0.60-17 560.00 OK
r-oldrel-windows-x86_64 0.60-17 77.00 141.00 218.00 OK --no-examples --no-tests --no-vignettes

Check Details

Version: 0.60-17
Flags: --no-examples --no-tests --no-vignettes
Check: Rd cross-references
Result: NOTE Found the following Rd file(s) with Rd \link{} targets missing package anchors: b.star.Rd: boot np.deptest.Rd: cubature, adaptIntegrate np.sdeptest.Rd: cubature, adaptIntegrate np.symtest.Rd: boot Please provide package anchors for all Rd \link{} targets not in the package itself and the base packages. Flavor: r-devel-windows-x86_64