CRAN Package Check Results for Package nlpred

Last updated on 2024-07-16 18:49:15 CEST.

Flavor Version Tinstall Tcheck Ttotal Status Flags
r-devel-linux-x86_64-debian-clang 1.0.1 18.38 231.94 250.32 NOTE
r-devel-linux-x86_64-debian-gcc 1.0.1 14.02 170.08 184.10 NOTE
r-devel-linux-x86_64-fedora-clang 1.0.1 302.89 NOTE
r-devel-linux-x86_64-fedora-gcc 1.0.1 300.21 NOTE
r-devel-windows-x86_64 1.0.1 18.00 182.00 200.00 NOTE
r-patched-linux-x86_64 1.0.1 18.98 216.77 235.75 NOTE
r-release-linux-x86_64 1.0.1 14.50 220.50 235.00 NOTE
r-release-macos-arm64 1.0.1 91.00 NOTE
r-release-macos-x86_64 1.0.1 137.00 NOTE
r-release-windows-x86_64 1.0.1 18.00 180.00 198.00 NOTE
r-oldrel-macos-arm64 1.0.1 99.00 OK
r-oldrel-macos-x86_64 1.0.1 157.00 OK
r-oldrel-windows-x86_64 1.0.1 23.00 223.00 246.00 OK

Check Details

Version: 1.0.1
Check: Rd files
Result: NOTE checkRd: (-1) dot-make_long_data.Rd:44: Lost braces; missing escapes or markup? 44 | training sample), psi (the value of this observations Psihat(P_{n,B_n}^0)), | ^ checkRd: (-1) dot-make_long_data_nested_cv.Rd:49: Lost braces; missing escapes or markup? 49 | training sample), psi (the value of this observations Psihat(P_{n,B_n}^0)), | ^ Flavors: r-devel-linux-x86_64-debian-clang, r-devel-linux-x86_64-debian-gcc, r-devel-linux-x86_64-fedora-clang, r-devel-linux-x86_64-fedora-gcc, r-devel-windows-x86_64, r-patched-linux-x86_64, r-release-linux-x86_64, r-release-macos-arm64, r-release-macos-x86_64, r-release-windows-x86_64