CRAN Package Check Results for Package nlmm

Last updated on 2024-07-23 18:59:05 CEST.

Flavor Version Tinstall Tcheck Ttotal Status Flags
r-devel-linux-x86_64-debian-clang 1.1.0 32.19 105.19 137.38 OK
r-devel-linux-x86_64-debian-gcc 1.1.0 21.22 77.97 99.19 NOTE
r-devel-linux-x86_64-fedora-clang 1.1.0 191.59 OK
r-devel-linux-x86_64-fedora-gcc 1.1.0 173.76 OK
r-devel-windows-x86_64 1.1.0 29.00 116.00 145.00 NOTE
r-patched-linux-x86_64 1.1.0 38.57 98.32 136.89 OK
r-release-linux-x86_64 1.1.0 28.77 98.58 127.35 OK
r-release-macos-arm64 1.1.0 48.00 OK
r-release-macos-x86_64 1.1.0 71.00 OK
r-release-windows-x86_64 1.1.0 32.00 111.00 143.00 OK
r-oldrel-macos-arm64 1.1.0 59.00 OK
r-oldrel-macos-x86_64 1.1.0 118.00 OK
r-oldrel-windows-x86_64 1.1.0 34.00 136.00 170.00 OK

Check Details

Version: 1.1.0
Check: Rd cross-references
Result: NOTE Found the following Rd file(s) with Rd \link{} targets missing package anchors: generate.data.Rd: rmvnorm, rmvt nlmm.Rd: varFunc, varFixed, varClasses, summary.varFunc, varWeights.varFunc, coef.varFunc nlmmControl.Rd: lme, lmeControl Please provide package anchors for all Rd \link{} targets not in the package itself and the base packages. Flavors: r-devel-linux-x86_64-debian-gcc, r-devel-windows-x86_64