CRAN Package Check Results for Package nleqslv

Last updated on 2024-06-15 06:49:52 CEST.

Flavor Version Tinstall Tcheck Ttotal Status Flags
r-devel-linux-x86_64-debian-clang 3.3.5 9.10 33.42 42.52 NOTE
r-devel-linux-x86_64-debian-gcc 3.3.5 5.63 26.82 32.45 NOTE
r-devel-linux-x86_64-fedora-clang 3.3.5 55.82 NOTE
r-devel-linux-x86_64-fedora-gcc 3.3.5 51.51 NOTE
r-devel-windows-x86_64 3.3.5 16.00 58.00 74.00 NOTE
r-patched-linux-x86_64 3.3.5 7.57 34.15 41.72 OK
r-release-linux-x86_64 3.3.5 6.86 32.85 39.71 OK
r-release-macos-arm64 3.3.5 24.00 OK
r-release-macos-x86_64 3.3.5 42.00 OK
r-release-windows-x86_64 3.3.5 16.00 54.00 70.00 OK
r-oldrel-macos-arm64 3.3.5 30.00 OK
r-oldrel-macos-x86_64 3.3.5 60.00 OK
r-oldrel-windows-x86_64 3.3.5 20.00 55.00 75.00 OK

Check Details

Version: 3.3.5
Check: compiled code
Result: NOTE File ‘nleqslv/libs/nleqslv.so’: Found non-API call to R: ‘IS_SCALAR’ Compiled code should not call non-API entry points in R. See ‘Writing portable packages’ in the ‘Writing R Extensions’ manual. Flavors: r-devel-linux-x86_64-debian-clang, r-devel-linux-x86_64-debian-gcc, r-devel-linux-x86_64-fedora-clang, r-devel-linux-x86_64-fedora-gcc

Version: 3.3.5
Check: compiled code
Result: NOTE File 'nleqslv/libs/x64/nleqslv.dll': Found non-API call to R: 'IS_SCALAR' Compiled code should not call non-API entry points in R. See 'Writing portable packages' in the 'Writing R Extensions' manual. Flavor: r-devel-windows-x86_64