CRAN Package Check Results for Package nextGenShinyApps

Last updated on 2024-07-14 06:54:29 CEST.

Flavor Version Tinstall Tcheck Ttotal Status Flags
r-devel-linux-x86_64-debian-clang 2.0 5.00 48.11 53.11 OK
r-devel-linux-x86_64-debian-gcc 2.0 4.20 37.21 41.41 OK
r-devel-linux-x86_64-fedora-clang 2.0 68.36 NOTE
r-devel-linux-x86_64-fedora-gcc 2.0 77.36 NOTE
r-devel-windows-x86_64 2.0 6.00 66.00 72.00 OK
r-patched-linux-x86_64 2.0 6.00 46.16 52.16 OK
r-release-linux-x86_64 2.0 5.55 47.41 52.96 OK
r-release-macos-arm64 2.0 40.00 OK
r-release-macos-x86_64 2.0 52.00 OK
r-release-windows-x86_64 2.0 6.00 67.00 73.00 OK
r-oldrel-macos-arm64 2.0 35.00 OK
r-oldrel-macos-x86_64 2.0 70.00 OK
r-oldrel-windows-x86_64 2.0 7.00 72.00 79.00 OK

Check Details

Version: 2.0
Check: dependencies in R code
Result: NOTE Namespaces in Imports field not imported from: ‘quickcode’ ‘utils’ All declared Imports should be used. Flavors: r-devel-linux-x86_64-fedora-clang, r-devel-linux-x86_64-fedora-gcc