CRAN Package Check Results for Package narray

Last updated on 2024-07-16 18:49:15 CEST.

Flavor Version Tinstall Tcheck Ttotal Status Flags
r-devel-linux-x86_64-debian-clang 0.5.1 25.07 42.48 67.55 NOTE
r-devel-linux-x86_64-debian-gcc 0.5.1 17.28 32.22 49.50 NOTE
r-devel-linux-x86_64-fedora-clang 0.5.1 94.39 NOTE
r-devel-linux-x86_64-fedora-gcc 0.5.1 105.97 NOTE
r-devel-windows-x86_64 0.5.1 23.00 72.00 95.00 NOTE
r-patched-linux-x86_64 0.5.1 23.48 39.57 63.05 NOTE
r-release-linux-x86_64 0.5.1 25.09 41.11 66.20 NOTE
r-release-macos-arm64 0.5.1 33.00 NOTE
r-release-macos-x86_64 0.5.1 49.00 NOTE
r-release-windows-x86_64 0.5.1 23.00 75.00 98.00 NOTE
r-oldrel-macos-arm64 0.5.1 34.00 NOTE
r-oldrel-macos-x86_64 0.5.1 51.00 NOTE
r-oldrel-windows-x86_64 0.5.1 27.00 80.00 107.00 NOTE

Check Details

Version: 0.5.1
Check: C++ specification
Result: NOTE Specified C++11: please drop specification unless essential Flavors: r-devel-linux-x86_64-debian-clang, r-devel-linux-x86_64-debian-gcc, r-devel-linux-x86_64-fedora-clang, r-devel-linux-x86_64-fedora-gcc, r-devel-windows-x86_64, r-patched-linux-x86_64, r-release-linux-x86_64, r-release-macos-arm64, r-release-macos-x86_64, r-release-windows-x86_64, r-oldrel-macos-arm64, r-oldrel-macos-x86_64, r-oldrel-windows-x86_64