CRAN Package Check Results for Package munsellinterpol

Last updated on 2024-07-24 06:57:21 CEST.

Flavor Version Tinstall Tcheck Ttotal Status Flags
r-devel-linux-x86_64-debian-clang 3.0-0 7.21 309.59 316.80 NOTE
r-devel-linux-x86_64-debian-gcc 3.0-0 5.50 212.54 218.04 NOTE
r-devel-linux-x86_64-fedora-clang 3.0-0 374.13 NOTE
r-devel-linux-x86_64-fedora-gcc 3.0-0 366.96 NOTE
r-devel-windows-x86_64 3.0-0 7.00 222.00 229.00 NOTE
r-patched-linux-x86_64 3.0-0 6.75 297.35 304.10 NOTE
r-release-linux-x86_64 3.0-0 7.04 302.16 309.20 NOTE
r-release-macos-arm64 3.0-0 89.00 NOTE
r-release-macos-x86_64 3.0-0 173.00 WARN
r-release-windows-x86_64 3.0-0 6.00 224.00 230.00 NOTE
r-oldrel-macos-arm64 3.0-0 96.00 OK
r-oldrel-macos-x86_64 3.0-0 158.00 OK
r-oldrel-windows-x86_64 3.0-0 8.00 274.00 282.00 OK

Check Details

Version: 3.0-0
Check: Rd files
Result: NOTE checkRd: (-1) plotLociHC.Rd:55: Lost braces; missing escapes or markup? 55 | If \code{value} is one of {0.2,0.4,0.6,0.8,1,2,3,4,5,6,7,8,9,10} | ^ Flavors: r-devel-linux-x86_64-debian-clang, r-devel-linux-x86_64-debian-gcc, r-devel-linux-x86_64-fedora-clang, r-devel-linux-x86_64-fedora-gcc, r-devel-windows-x86_64, r-patched-linux-x86_64, r-release-linux-x86_64, r-release-macos-arm64, r-release-macos-x86_64, r-release-windows-x86_64

Version: 3.0-0
Check: re-building of vignette outputs
Result: WARN Error(s) in re-building vignettes: --- re-building ‘dental.Rmd’ using rmarkdown --- finished re-building ‘dental.Rmd’ --- re-building ‘munsellinterpol-guide.Rmd’ using rmarkdown --- finished re-building ‘munsellinterpol-guide.Rmd’ --- re-building ‘lightness.rnw’ using knitr Error: processing vignette 'lightness.rnw' failed with diagnostics: Running 'texi2dvi' on 'lightness.tex' failed. LaTeX errors: ! Undefined control sequence. l.126 \hlkwd{library}\hldef {( munsellinterpol )} ? ! Emergency stop. ! Emergency stop. l.126 End of file on the terminal! ! ==> Fatal error occurred, no output PDF file produced! --- failed re-building ‘lightness.rnw’ --- re-building ‘lociHC.rnw’ using knitr Error: processing vignette 'lociHC.rnw' failed with diagnostics: Running 'texi2dvi' on 'lociHC.tex' failed. LaTeX errors: ! Undefined control sequence. l.123 \hlkwd{library}\hldef {( munsellinterpol )} ? ! Emergency stop. ! Emergency stop. l.123 End of file on the terminal! ! ==> Fatal error occurred, no output PDF file produced! --- failed re-building ‘lociHC.rnw’ SUMMARY: processing the following files failed: ‘lightness.rnw’ ‘lociHC.rnw’ Error: Vignette re-building failed. Execution halted Flavor: r-release-macos-x86_64