CRAN Package Check Results for Package multivar

Last updated on 2024-07-12 06:53:11 CEST.

Flavor Version Tinstall Tcheck Ttotal Status Flags
r-devel-linux-x86_64-debian-clang 1.1.0 66.85 121.13 187.98 NOTE
r-devel-linux-x86_64-debian-gcc 1.1.0 48.97 88.61 137.58 NOTE
r-devel-linux-x86_64-fedora-clang 1.1.0 246.42 NOTE
r-devel-linux-x86_64-fedora-gcc 1.1.0 255.64 NOTE
r-devel-windows-x86_64 1.1.0 54.00 121.00 175.00 NOTE
r-patched-linux-x86_64 1.1.0 57.08 115.95 173.03 NOTE
r-release-linux-x86_64 1.1.0 55.68 114.99 170.67 NOTE
r-release-macos-arm64 1.1.0 67.00 NOTE
r-release-macos-x86_64 1.1.0 91.00 NOTE
r-release-windows-x86_64 1.1.0 55.00 121.00 176.00 NOTE
r-oldrel-macos-arm64 1.1.0 75.00 NOTE
r-oldrel-macos-x86_64 1.1.0 111.00 NOTE
r-oldrel-windows-x86_64 1.1.0 64.00 149.00 213.00 NOTE

Check Details

Version: 1.1.0
Check: C++ specification
Result: NOTE Specified C++11: please drop specification unless essential Flavors: r-devel-linux-x86_64-debian-clang, r-devel-linux-x86_64-debian-gcc, r-devel-linux-x86_64-fedora-clang, r-devel-linux-x86_64-fedora-gcc, r-devel-windows-x86_64, r-patched-linux-x86_64, r-release-linux-x86_64, r-release-macos-arm64, r-release-macos-x86_64, r-release-windows-x86_64, r-oldrel-macos-arm64, r-oldrel-macos-x86_64, r-oldrel-windows-x86_64