CRAN Package Check Results for Package multilevelTools

Last updated on 2024-07-23 18:59:05 CEST.

Flavor Version Tinstall Tcheck Ttotal Status Flags
r-devel-linux-x86_64-debian-clang 0.1.1 20.83 242.10 262.93 NOTE
r-devel-linux-x86_64-debian-gcc 0.1.1 15.31 195.54 210.85 NOTE
r-devel-linux-x86_64-fedora-clang 0.1.1 372.30 NOTE
r-devel-linux-x86_64-fedora-gcc 0.1.1 351.15 NOTE
r-devel-windows-x86_64 0.1.1 21.00 196.00 217.00 NOTE
r-patched-linux-x86_64 0.1.1 24.24 255.14 279.38 NOTE
r-release-linux-x86_64 0.1.1 15.46 250.89 266.35 NOTE
r-release-macos-arm64 0.1.1 102.00 NOTE
r-release-macos-x86_64 0.1.1 143.00 NOTE
r-release-windows-x86_64 0.1.1 19.00 199.00 218.00 NOTE
r-oldrel-macos-arm64 0.1.1 110.00 NOTE
r-oldrel-macos-x86_64 0.1.1 174.00 NOTE
r-oldrel-windows-x86_64 0.1.1 25.00 252.00 277.00 NOTE

Check Details

Version: 0.1.1
Check: LazyData
Result: NOTE 'LazyData' is specified without a 'data' directory Flavors: r-devel-linux-x86_64-debian-clang, r-devel-linux-x86_64-debian-gcc, r-devel-linux-x86_64-fedora-clang, r-devel-linux-x86_64-fedora-gcc, r-devel-windows-x86_64, r-patched-linux-x86_64, r-release-linux-x86_64, r-release-macos-arm64, r-release-macos-x86_64, r-release-windows-x86_64, r-oldrel-macos-arm64, r-oldrel-macos-x86_64, r-oldrel-windows-x86_64

Version: 0.1.1
Check: Rd cross-references
Result: NOTE Found the following Rd file(s) with Rd \link{} targets missing package anchors: modelDiagnostics.lme.Rd: testDistribution modelDiagnostics.merMod.Rd: testDistribution Please provide package anchors for all Rd \link{} targets not in the package itself and the base packages. Flavors: r-devel-linux-x86_64-debian-gcc, r-devel-windows-x86_64