CRAN Package Check Results for Package multiblock

Last updated on 2024-07-21 06:52:17 CEST.

Flavor Version Tinstall Tcheck Ttotal Status Flags
r-devel-linux-x86_64-debian-clang 0.8.8.1 50.26 281.42 331.68 OK
r-devel-linux-x86_64-debian-gcc 0.8.8.1 36.70 212.23 248.93 NOTE
r-devel-linux-x86_64-fedora-clang 0.8.8.1 457.74 OK
r-devel-linux-x86_64-fedora-gcc 0.8.8.1 486.87 OK
r-devel-windows-x86_64 0.8.8.1 45.00 233.00 278.00 NOTE
r-patched-linux-x86_64 0.8.8.1 57.36 264.79 322.15 OK
r-release-linux-x86_64 0.8.8.1 43.94 276.08 320.02 OK
r-release-macos-arm64 0.8.8.1 143.00 NOTE
r-release-macos-x86_64 0.8.8.1 222.00 NOTE
r-release-windows-x86_64 0.8.8.1 49.00 235.00 284.00 OK
r-oldrel-macos-arm64 0.8.8.1 154.00 NOTE
r-oldrel-macos-x86_64 0.8.8.1 238.00 NOTE
r-oldrel-windows-x86_64 0.8.8.1 61.00 302.00 363.00 OK

Check Details

Version: 0.8.8.1
Check: Rd cross-references
Result: NOTE Found the following Rd file(s) with Rd \link{} targets missing package anchors: popls.Rd: pls Please provide package anchors for all Rd \link{} targets not in the package itself and the base packages. Flavors: r-devel-linux-x86_64-debian-gcc, r-devel-windows-x86_64

Version: 0.8.8.1
Check: installed package size
Result: NOTE installed size is 9.9Mb sub-directories of 1Mb or more: doc 1.5Mb libs 7.2Mb Flavors: r-release-macos-arm64, r-release-macos-x86_64, r-oldrel-macos-arm64, r-oldrel-macos-x86_64