CRAN Package Check Results for Package mppR

Last updated on 2024-06-14 05:58:30 CEST.

Flavor Version Tinstall Tcheck Ttotal Status Flags
r-devel-linux-x86_64-debian-clang 1.5.0 22.85 398.20 421.05 OK
r-devel-linux-x86_64-debian-gcc 1.5.0 0.72 1.90 2.62 ERROR
r-devel-linux-x86_64-fedora-clang 1.5.0 517.55 OK
r-devel-linux-x86_64-fedora-gcc 1.5.0 498.82 OK
r-devel-windows-x86_64 1.5.0 18.00 293.00 311.00 OK
r-patched-linux-x86_64 1.5.0 20.40 374.24 394.64 OK
r-release-linux-x86_64 1.5.0 19.76 379.57 399.33 OK
r-release-macos-arm64 1.5.0 158.00 OK
r-release-macos-x86_64 1.5.0 250.00 OK
r-release-windows-x86_64 1.5.0 17.00 294.00 311.00 OK
r-oldrel-macos-arm64 1.5.0 174.00 OK
r-oldrel-macos-x86_64 1.5.0 360.00 OK
r-oldrel-windows-x86_64 1.5.0 23.00 364.00 387.00 OK

Check Details

Version: 1.5.0
Check: package dependencies
Result: ERROR Packages required but not available: 'dplyr', 'ggplot2', 'igraph' Package suggested but not available for checking: ‘testthat’ See section ‘The DESCRIPTION file’ in the ‘Writing R Extensions’ manual. Flavor: r-devel-linux-x86_64-debian-gcc