Last updated on 2025-01-18 19:49:13 CET.
Flavor | Version | Tinstall | Tcheck | Ttotal | Status | Flags |
---|---|---|---|---|---|---|
r-devel-linux-x86_64-debian-clang | 3.1.0 | 14.10 | 155.62 | 169.72 | OK | |
r-devel-linux-x86_64-debian-gcc | 3.1.0 | 9.43 | 105.95 | 115.38 | OK | |
r-devel-linux-x86_64-fedora-clang | 3.1.0 | 288.23 | OK | |||
r-devel-linux-x86_64-fedora-gcc | 3.1.0 | 291.01 | OK | |||
r-devel-windows-x86_64 | 3.1.0 | 17.00 | 154.00 | 171.00 | OK | |
r-patched-linux-x86_64 | 3.1.0 | 12.50 | 145.91 | 158.41 | OK | |
r-release-linux-x86_64 | 3.1.0 | 12.48 | 147.39 | 159.87 | OK | |
r-release-macos-arm64 | 3.1.0 | 67.00 | OK | |||
r-release-macos-x86_64 | 3.1.0 | 109.00 | OK | |||
r-release-windows-x86_64 | 3.1.0 | 13.00 | 151.00 | 164.00 | OK | |
r-oldrel-macos-arm64 | 3.1.0 | 94.00 | WARN | |||
r-oldrel-macos-x86_64 | 3.1.0 | 112.00 | WARN | |||
r-oldrel-windows-x86_64 | 3.1.0 | 17.00 | 193.00 | 210.00 | WARN |
Version: 3.1.0
Check: examples
Result: WARN
Found the following significant warnings:
Warning: 'generate_mpm_set' is deprecated.
Warning: 'random_mpm' is deprecated.
Warning: 'random_mpm' is deprecated.
Warning: 'random_mpm' is deprecated.
Warning: 'random_mpm' is deprecated.
Warning: 'random_mpm' is deprecated.
Warning: 'random_mpm' is deprecated.
Warning: 'random_mpm' is deprecated.
Warning: 'random_mpm' is deprecated.
Warning: 'random_mpm' is deprecated.
Warning: 'random_mpm' is deprecated.
Warning: 'generate_mpm_set' is deprecated.
Warning: 'random_mpm' is deprecated.
Warning: 'random_mpm' is deprecated.
Warning: 'random_mpm' is deprecated.
Warning: 'random_mpm' is deprecated.
Warning: 'random_mpm' is deprecated.
Warning: 'random_mpm' is deprecated.
Warning: 'random_mpm' is deprecated.
Warning: 'random_mpm' is deprecated.
Warning: 'random_mpm' is deprecated.
Warning: 'random_mpm' is deprecated.
Warning: 'random_mpm' is deprecated.
Warning: 'random_mpm' is deprecated.
Warning: 'random_mpm' is deprecated.
Warning: 'random_mpm' is deprecated.
Warning: 'random_mpm' is deprecated.
Warning: 'random_mpm' is deprecated.
Warning: 'random_mpm' is deprecated.
Warning: 'random_mpm' is deprecated.
Warning: 'random_mpm' is deprecated.
Warning: 'random_mpm' is deprecated.
Warning: 'random_mpm' is deprecated.
Warning: 'random_mpm' is deprecated.
Warning: 'random_mpm' is deprecated.
Warning: 'random_mpm' is deprecated.
Warning: 'generate_mpm_set' is deprecated.
Warning: 'random_mpm' is deprecated.
Warning: 'random_mpm' is deprecated.
Warning: 'random_mpm' is deprecated.
Warning: 'random_mpm' is deprecated.
Warning: 'random_mpm' is deprecated.
Warning: 'random_mpm' is deprecated.
Warning: 'random_mpm' is deprecated.
Warning: 'random_mpm' is deprecated.
Warning: 'random_mpm' is deprecated.
Warning: 'random_mpm' is deprecated.
Warning: 'random_mpm' is deprecated.
Warning: 'random_mpm' is deprecated.
Warning: 'random_mpm' is deprecated.
Warning: 'random_mpm' is deprecated.
Warning: 'random_mpm' is deprecated.
Warning: 'random_mpm' is deprecated.
Warning: 'random_mpm' is deprecated.
Warning: 'random_mpm' is deprecated.
Warning: 'random_mpm' is deprecated.
Warning: 'random_mpm' is deprecated.
Warning: 'random_mpm' is deprecated.
Warning: 'random_mpm' is deprecated.
Warning: 'random_mpm' is deprecated.
Warning: 'random_mpm' is deprecated.
Warning: 'random_mpm' is deprecated.
Warning: 'random_mpm' is deprecated.
Warning: 'random_mpm' is deprecated.
Warning: 'generate_mpm_set' is deprecated.
Warning: 'random_mpm' is deprecated.
Warning: 'random_mpm' is deprecated.
Warning: 'random_mpm' is deprecated.
Warning: 'random_mpm' is deprecated.
Warning: 'random_mpm' is deprecated.
Warning: 'random_mpm' is deprecated.
Warning: 'random_mpm' is deprecated.
Warning: 'random_mpm' is deprecated.
Warning: 'random_mpm' is deprecated.
Warning: 'random_mpm' is deprecated.
Warning: 'random_mpm' is deprecated.
Warning: 'random_mpm' is deprecated.
Warning: 'random_mpm' is deprecated.
Warning: 'random_mpm' is deprecated.
Warning: 'random_mpm' is deprecated.
Warning: 'random_mpm' is deprecated.
Warning: 'random_mpm' is deprecated.
Warning: 'random_mpm' is deprecated.
Warning: 'random_mpm' is deprecated.
Warning: 'random_mpm' is deprecated.
Warning: 'random_mpm' is deprecated.
Deprecated functions may be defunct as soon as of the next release of
R.
See ?Deprecated.
Flavors: r-oldrel-macos-arm64, r-oldrel-macos-x86_64, r-oldrel-windows-x86_64