CRAN Package Check Results for Package mockery

Last updated on 2024-07-13 06:49:44 CEST.

Flavor Version Tinstall Tcheck Ttotal Status Flags
r-devel-linux-x86_64-debian-clang 0.4.4 3.29 42.32 45.61 OK
r-devel-linux-x86_64-debian-gcc 0.4.4 2.53 31.80 34.33 OK
r-devel-linux-x86_64-fedora-clang 0.4.4 58.26 OK
r-devel-linux-x86_64-fedora-gcc 0.4.4 94.25 OK
r-devel-windows-x86_64 0.4.4 4.00 53.00 57.00 NOTE
r-patched-linux-x86_64 0.4.4 7.74 39.45 47.19 OK
r-release-linux-x86_64 0.4.4 2.00 39.99 41.99 OK
r-release-macos-arm64 0.4.4 32.00 OK
r-release-macos-x86_64 0.4.4 53.00 OK
r-release-windows-x86_64 0.4.4 4.00 54.00 58.00 OK
r-oldrel-macos-arm64 0.4.4 41.00 OK
r-oldrel-macos-x86_64 0.4.4 165.00 OK
r-oldrel-windows-x86_64 0.4.4 5.00 60.00 65.00 OK

Check Details

Version: 0.4.4
Check: Rd cross-references
Result: NOTE Found the following Rd file(s) with Rd \link{} targets missing package anchors: mock.Rd: with_mock Please provide package anchors for all Rd \link{} targets not in the package itself and the base packages. Flavor: r-devel-windows-x86_64