Last updated on 2025-01-21 07:49:18 CET.
Flavor | Version | Tinstall | Tcheck | Ttotal | Status | Flags |
---|---|---|---|---|---|---|
r-devel-linux-x86_64-debian-clang | 2.0.3 | 45.90 | 27.37 | 73.27 | NOTE | |
r-devel-linux-x86_64-debian-gcc | 2.0.3 | 36.54 | 25.64 | 62.18 | NOTE | |
r-devel-linux-x86_64-fedora-clang | 2.0.3 | 122.40 | NOTE | |||
r-devel-linux-x86_64-fedora-gcc | 2.0.3 | 150.04 | NOTE | |||
r-devel-windows-x86_64 | 2.0.3 | 52.00 | 73.00 | 125.00 | NOTE | |
r-patched-linux-x86_64 | 2.0.3 | 48.62 | 31.48 | 80.10 | NOTE | |
r-release-linux-x86_64 | 2.0.3 | 49.71 | 31.53 | 81.24 | NOTE | |
r-release-macos-arm64 | 2.0.3 | 36.00 | NOTE | |||
r-release-macos-x86_64 | 2.0.3 | 52.00 | NOTE | |||
r-release-windows-x86_64 | 2.0.3 | 51.00 | 72.00 | 123.00 | NOTE | |
r-oldrel-macos-arm64 | 2.0.3 | 38.00 | NOTE | |||
r-oldrel-macos-x86_64 | 2.0.3 | 62.00 | NOTE | |||
r-oldrel-windows-x86_64 | 2.0.3 | 56.00 | 86.00 | 142.00 | NOTE |
Version: 2.0.3
Check: C++ specification
Result: NOTE
Specified C++14: please drop specification unless essential
Flavors: r-devel-linux-x86_64-debian-clang, r-devel-linux-x86_64-debian-gcc, r-devel-linux-x86_64-fedora-clang, r-devel-linux-x86_64-fedora-gcc, r-devel-windows-x86_64, r-patched-linux-x86_64, r-release-linux-x86_64, r-release-macos-arm64, r-release-macos-x86_64, r-release-windows-x86_64, r-oldrel-macos-arm64, r-oldrel-macos-x86_64, r-oldrel-windows-x86_64
Version: 2.0.3
Check: installed package size
Result: NOTE
installed size is 29.9Mb
sub-directories of 1Mb or more:
libs 29.8Mb
Flavors: r-release-macos-arm64, r-release-macos-x86_64, r-oldrel-macos-arm64, r-oldrel-macos-x86_64