CRAN Package Check Results for Package mixtools

Last updated on 2024-07-18 06:57:29 CEST.

Flavor Version Tinstall Tcheck Ttotal Status Flags
r-devel-linux-x86_64-debian-clang 2.0.0 36.48 331.37 367.85 NOTE
r-devel-linux-x86_64-debian-gcc 2.0.0 26.43 230.22 256.65 NOTE
r-devel-linux-x86_64-fedora-clang 2.0.0 451.11 NOTE
r-devel-linux-x86_64-fedora-gcc 2.0.0 432.90 NOTE
r-devel-windows-x86_64 2.0.0 36.00 318.00 354.00 NOTE
r-patched-linux-x86_64 2.0.0 35.35 307.97 343.32 NOTE
r-release-linux-x86_64 2.0.0 34.21 304.41 338.62 NOTE
r-release-macos-arm64 2.0.0 111.00 NOTE
r-release-macos-x86_64 2.0.0 180.00 NOTE
r-release-windows-x86_64 2.0.0 34.00 324.00 358.00 NOTE
r-oldrel-macos-arm64 2.0.0 131.00 OK
r-oldrel-macos-x86_64 2.0.0 240.00 OK
r-oldrel-windows-x86_64 2.0.0 46.00 396.00 442.00 OK

Check Details

Version: 2.0.0
Check: Rd files
Result: NOTE checkRd: (-1) CO2data.Rd:14: Lost braces in \itemize; meant \describe ? checkRd: (-1) CO2data.Rd:15: Lost braces in \itemize; meant \describe ? checkRd: (-1) CO2data.Rd:16-17: Lost braces in \itemize; meant \describe ? checkRd: (-1) NOdata.Rd:14: Lost braces in \itemize; meant \describe ? checkRd: (-1) NOdata.Rd:15: Lost braces in \itemize; meant \describe ? Flavors: r-devel-linux-x86_64-debian-clang, r-devel-linux-x86_64-debian-gcc, r-devel-linux-x86_64-fedora-clang, r-devel-linux-x86_64-fedora-gcc, r-devel-windows-x86_64, r-patched-linux-x86_64, r-release-linux-x86_64, r-release-macos-arm64, r-release-macos-x86_64, r-release-windows-x86_64