CRAN Package Check Results for Package misty

Last updated on 2024-06-14 05:58:30 CEST.

Flavor Version Tinstall Tcheck Ttotal Status Flags
r-devel-linux-x86_64-debian-clang 0.6.3 63.08 281.66 344.74 OK
r-devel-linux-x86_64-debian-gcc 0.6.3 0.69 1.60 2.29 ERROR
r-devel-linux-x86_64-fedora-clang 0.6.3 432.66 OK
r-devel-linux-x86_64-fedora-gcc 0.6.3 404.81 OK
r-devel-windows-x86_64 0.6.3 57.00 206.00 263.00 OK
r-patched-linux-x86_64 0.6.3 71.26 269.35 340.61 OK
r-release-linux-x86_64 0.6.3 50.40 265.61 316.01 OK
r-release-macos-arm64 0.6.3 95.00 OK
r-release-macos-x86_64 0.6.3 174.00 OK
r-release-windows-x86_64 0.6.3 58.00 208.00 266.00 OK
r-oldrel-macos-arm64 0.6.3 97.00 OK
r-oldrel-macos-x86_64 0.6.3 293.00 OK
r-oldrel-windows-x86_64 0.6.3 77.00 261.00 338.00 OK

Check Details

Version: 0.6.3
Check: package dependencies
Result: ERROR Packages required but not available: 'ggplot2', 'haven', 'lme4', 'readxl' Package suggested but not available for checking: ‘patchwork’ See section ‘The DESCRIPTION file’ in the ‘Writing R Extensions’ manual. Flavor: r-devel-linux-x86_64-debian-gcc