CRAN Package Check Results for Package miscF

Last updated on 2024-07-25 06:52:20 CEST.

Flavor Version Tinstall Tcheck Ttotal Status Flags
r-devel-linux-x86_64-debian-clang 0.1-5 15.12 94.30 109.42 OK
r-devel-linux-x86_64-debian-gcc 0.1-5 10.61 71.54 82.15 OK
r-devel-linux-x86_64-fedora-clang 0.1-5 135.53 NOTE
r-devel-linux-x86_64-fedora-gcc 0.1-5 132.17 OK
r-devel-windows-x86_64 0.1-5 18.00 93.00 111.00 NOTE
r-patched-linux-x86_64 0.1-5 13.37 94.19 107.56 OK
r-release-linux-x86_64 0.1-5 11.58 91.89 103.47 OK
r-release-macos-arm64 0.1-5 43.00 NOTE
r-release-macos-x86_64 0.1-5 64.00 NOTE
r-release-windows-x86_64 0.1-5 17.00 87.00 104.00 NOTE
r-oldrel-macos-arm64 0.1-5 48.00 NOTE
r-oldrel-macos-x86_64 0.1-5 69.00 NOTE
r-oldrel-windows-x86_64 0.1-5 22.00 106.00 128.00 NOTE

Check Details

Version: 0.1-5
Check: Rd cross-references
Result: NOTE Undeclared packages ‘pspline’, ‘lme4’ in Rd xrefs Flavor: r-devel-linux-x86_64-fedora-clang

Version: 0.1-5
Check: package dependencies
Result: NOTE Package suggested but not available for checking: 'BRugs' Flavors: r-devel-windows-x86_64, r-release-windows-x86_64, r-oldrel-windows-x86_64

Version: 0.1-5
Check: package dependencies
Result: NOTE Packages suggested but not available for checking: 'mixAK', 'BRugs' Flavors: r-release-macos-arm64, r-release-macos-x86_64, r-oldrel-macos-arm64, r-oldrel-macos-x86_64

Version: 0.1-5
Check: Rd cross-references
Result: NOTE Package unavailable to check Rd xrefs: ‘mixAK’ Flavors: r-release-macos-arm64, r-release-macos-x86_64, r-oldrel-macos-arm64

Version: 0.1-5
Check: Rd cross-references
Result: NOTE Packages unavailable to check Rd xrefs: ‘lme4’, ‘mixAK’ Flavor: r-oldrel-macos-x86_64