CRAN Package Check Results for Package miniUI

Last updated on 2024-07-22 18:52:26 CEST.

Flavor Version Tinstall Tcheck Ttotal Status Flags
r-devel-linux-x86_64-debian-clang 0.1.1.1 3.72 36.85 40.57 NOTE
r-devel-linux-x86_64-debian-gcc 0.1.1.1 2.28 28.12 30.40 NOTE
r-devel-linux-x86_64-fedora-clang 0.1.1.1 52.11 NOTE
r-devel-linux-x86_64-fedora-gcc 0.1.1.1 49.15 NOTE
r-devel-windows-x86_64 0.1.1.1 5.00 49.00 54.00 NOTE
r-patched-linux-x86_64 0.1.1.1 8.98 34.91 43.89 NOTE
r-release-linux-x86_64 0.1.1.1 3.71 36.16 39.87 NOTE
r-release-macos-arm64 0.1.1.1 20.00 NOTE
r-release-macos-x86_64 0.1.1.1 34.00 NOTE
r-release-windows-x86_64 0.1.1.1 5.00 50.00 55.00 NOTE
r-oldrel-macos-arm64 0.1.1.1 22.00 NOTE
r-oldrel-macos-x86_64 0.1.1.1 28.00 NOTE
r-oldrel-windows-x86_64 0.1.1.1 6.00 52.00 58.00 NOTE

Check Details

Version: 0.1.1.1
Check: LazyData
Result: NOTE 'LazyData' is specified without a 'data' directory Flavors: r-devel-linux-x86_64-debian-clang, r-devel-linux-x86_64-debian-gcc, r-devel-linux-x86_64-fedora-clang, r-devel-linux-x86_64-fedora-gcc, r-devel-windows-x86_64, r-patched-linux-x86_64, r-release-linux-x86_64, r-release-macos-arm64, r-release-macos-x86_64, r-release-windows-x86_64, r-oldrel-macos-arm64, r-oldrel-macos-x86_64, r-oldrel-windows-x86_64

Version: 0.1.1.1
Check: Rd cross-references
Result: NOTE Found the following Rd file(s) with Rd \link{} targets missing package anchors: miniButtonBlock.Rd: shiny miniTabstripPanel.Rd: shiny miniTitleBar.Rd: shiny Please provide package anchors for all Rd \link{} targets not in the package itself and the base packages. Flavors: r-devel-linux-x86_64-debian-gcc, r-devel-windows-x86_64