Last updated on 2025-01-25 19:48:50 CET.
Flavor | Version | Tinstall | Tcheck | Ttotal | Status | Flags |
---|---|---|---|---|---|---|
r-devel-linux-x86_64-debian-clang | 1.0-45 | 14.88 | 130.36 | 145.24 | NOTE | |
r-devel-linux-x86_64-debian-gcc | 1.0-45 | 11.08 | 93.50 | 104.58 | NOTE | |
r-devel-linux-x86_64-fedora-clang | 1.0-45 | 235.18 | OK | |||
r-devel-linux-x86_64-fedora-gcc | 1.0-45 | 228.50 | OK | |||
r-devel-windows-x86_64 | 1.0-45 | 18.00 | 144.00 | 162.00 | NOTE | |
r-patched-linux-x86_64 | 1.0-45 | 18.79 | 120.34 | 139.13 | OK | |
r-release-linux-x86_64 | 1.0-45 | 14.39 | 120.02 | 134.41 | OK | |
r-release-macos-arm64 | 1.0-45 | 72.00 | OK | |||
r-release-macos-x86_64 | 1.0-45 | 121.00 | OK | |||
r-release-windows-x86_64 | 1.0-45 | 17.00 | 144.00 | 161.00 | OK | |
r-oldrel-macos-arm64 | 1.0-45 | 79.00 | OK | |||
r-oldrel-macos-x86_64 | 1.0-45 | 74.00 | OK | |||
r-oldrel-windows-x86_64 | 1.0-45 | 23.00 | 176.00 | 199.00 | OK |
Version: 1.0-45
Check: Rd cross-references
Result: NOTE
Found the following Rd file(s) with Rd \link{} targets missing package
anchors:
latex.AEdotplot.Rd: flextable
msWord.Rd: flextable
Please provide package anchors for all Rd \link{} targets not in the
package itself and the base packages.
Flavors: r-devel-linux-x86_64-debian-clang, r-devel-linux-x86_64-debian-gcc, r-devel-windows-x86_64