Last updated on 2025-01-24 20:49:15 CET.
Flavor | Version | Tinstall | Tcheck | Ttotal | Status | Flags |
---|---|---|---|---|---|---|
r-devel-linux-x86_64-debian-clang | 0.1.11 | 19.38 | 268.18 | 287.56 | NOTE | |
r-devel-linux-x86_64-debian-gcc | 0.1.11 | 13.45 | 185.08 | 198.53 | NOTE | |
r-devel-linux-x86_64-fedora-clang | 0.1.11 | 465.00 | OK | |||
r-devel-linux-x86_64-fedora-gcc | 0.1.11 | 478.53 | OK | |||
r-devel-windows-x86_64 | 0.1.11 | 20.00 | 339.00 | 359.00 | NOTE | |
r-patched-linux-x86_64 | 0.1.11 | 28.86 | 256.38 | 285.24 | OK | |
r-release-linux-x86_64 | 0.1.11 | 19.06 | 254.07 | 273.13 | OK | |
r-release-macos-arm64 | 0.1.11 | 124.00 | OK | |||
r-release-macos-x86_64 | 0.1.11 | 176.00 | OK | |||
r-release-windows-x86_64 | 0.1.11 | 19.00 | 329.00 | 348.00 | OK | |
r-oldrel-macos-arm64 | 0.1.11 | 124.00 | OK | |||
r-oldrel-macos-x86_64 | 0.1.11 | 271.00 | OK | |||
r-oldrel-windows-x86_64 | 0.1.11 | 27.00 | 401.00 | 428.00 | OK |
Version: 0.1.11
Check: Rd cross-references
Result: NOTE
Found the following Rd file(s) with Rd \link{} targets missing package
anchors:
getViz.Rd: predict.gam
plot.gamViz.Rd: plot.gam
plot.mgamViz.Rd: mqgam
postSim.Rd: predict.gam, gaulss, vcov.gam
simulate.gam.Rd: predict.gam, gaulss
Please provide package anchors for all Rd \link{} targets not in the
package itself and the base packages.
Flavors: r-devel-linux-x86_64-debian-clang, r-devel-linux-x86_64-debian-gcc, r-devel-windows-x86_64