CRAN Package Check Results for Package mergeTrees

Last updated on 2024-07-13 06:49:43 CEST.

Flavor Version Tinstall Tcheck Ttotal Status Flags
r-devel-linux-x86_64-debian-clang 0.1.3 38.91 27.73 66.64 NOTE
r-devel-linux-x86_64-debian-gcc 0.1.3 25.45 21.37 46.82 NOTE
r-devel-linux-x86_64-fedora-clang 0.1.3 98.67 NOTE
r-devel-linux-x86_64-fedora-gcc 0.1.3 100.44 NOTE
r-devel-windows-x86_64 0.1.3 31.00 61.00 92.00 NOTE
r-patched-linux-x86_64 0.1.3 33.67 26.15 59.82 NOTE
r-release-linux-x86_64 0.1.3 31.96 26.37 58.33 NOTE
r-release-macos-arm64 0.1.3 23.00 NOTE
r-release-macos-x86_64 0.1.3 29.00 NOTE
r-release-windows-x86_64 0.1.3 30.00 57.00 87.00 NOTE
r-oldrel-macos-arm64 0.1.3 28.00 NOTE
r-oldrel-macos-x86_64 0.1.3 43.00 NOTE
r-oldrel-windows-x86_64 0.1.3 30.00 66.00 96.00 NOTE

Check Details

Version: 0.1.3
Check: LazyData
Result: NOTE 'LazyData' is specified without a 'data' directory Flavors: r-devel-linux-x86_64-debian-clang, r-devel-linux-x86_64-debian-gcc, r-devel-linux-x86_64-fedora-clang, r-devel-linux-x86_64-fedora-gcc, r-devel-windows-x86_64, r-patched-linux-x86_64, r-release-linux-x86_64, r-release-macos-arm64, r-release-macos-x86_64, r-release-windows-x86_64, r-oldrel-macos-arm64, r-oldrel-macos-x86_64, r-oldrel-windows-x86_64