CRAN Package Check Results for Package medicare

Last updated on 2024-07-16 07:01:43 CEST.

Flavor Version Tinstall Tcheck Ttotal Status Flags
r-devel-linux-x86_64-debian-clang 0.2.1 5.96 42.70 48.66 NOTE
r-devel-linux-x86_64-debian-gcc 0.2.1 5.14 33.43 38.57 NOTE
r-devel-linux-x86_64-fedora-clang 0.2.1 64.88 NOTE
r-devel-linux-x86_64-fedora-gcc 0.2.1 76.96 NOTE
r-devel-windows-x86_64 0.2.1 6.00 59.00 65.00 NOTE
r-patched-linux-x86_64 0.2.1 5.86 41.67 47.53 NOTE
r-release-linux-x86_64 0.2.1 5.05 41.98 47.03 NOTE
r-release-macos-arm64 0.2.1 29.00 NOTE
r-release-macos-x86_64 0.2.1 45.00 NOTE
r-release-windows-x86_64 0.2.1 7.00 64.00 71.00 NOTE
r-oldrel-macos-arm64 0.2.1 31.00 OK
r-oldrel-macos-x86_64 0.2.1 49.00 OK
r-oldrel-windows-x86_64 0.2.1 10.00 59.00 69.00 OK

Check Details

Version: 0.2.1
Check: Rd files
Result: NOTE checkRd: (-1) hospiceALPHA.Rd:9: Lost braces in \itemize; meant \describe ? checkRd: (-1) hospiceALPHA.Rd:10: Lost braces in \itemize; meant \describe ? checkRd: (-1) hospiceALPHA.Rd:11: Lost braces in \itemize; meant \describe ? checkRd: (-1) hospiceALPHA.Rd:12: Lost braces in \itemize; meant \describe ? checkRd: (-1) hospiceALPHA.Rd:13: Lost braces in \itemize; meant \describe ? checkRd: (-1) hospiceNMRC.Rd:9: Lost braces in \itemize; meant \describe ? checkRd: (-1) hospiceNMRC.Rd:10: Lost braces in \itemize; meant \describe ? checkRd: (-1) hospiceNMRC.Rd:11: Lost braces in \itemize; meant \describe ? checkRd: (-1) hospiceNMRC.Rd:12: Lost braces in \itemize; meant \describe ? checkRd: (-1) hospiceNMRC.Rd:13: Lost braces in \itemize; meant \describe ? checkRd: (-1) hospiceRPT.Rd:9: Lost braces in \itemize; meant \describe ? checkRd: (-1) hospiceRPT.Rd:10: Lost braces in \itemize; meant \describe ? checkRd: (-1) hospiceRPT.Rd:11: Lost braces in \itemize; meant \describe ? checkRd: (-1) hospiceRPT.Rd:12: Lost braces in \itemize; meant \describe ? checkRd: (-1) hospiceRPT.Rd:13: Lost braces in \itemize; meant \describe ? checkRd: (-1) hospiceRPT.Rd:14: Lost braces in \itemize; meant \describe ? checkRd: (-1) hospiceRPT.Rd:15: Lost braces in \itemize; meant \describe ? checkRd: (-1) hospiceRPT.Rd:16: Lost braces in \itemize; meant \describe ? checkRd: (-1) hospiceRPT.Rd:17: Lost braces in \itemize; meant \describe ? checkRd: (-1) hospiceRPT.Rd:18: Lost braces in \itemize; meant \describe ? checkRd: (-1) hospiceRPT.Rd:19: Lost braces in \itemize; meant \describe ? checkRd: (-1) hospiceRPT.Rd:20: Lost braces in \itemize; meant \describe ? checkRd: (-1) hospiceRPT.Rd:21: Lost braces in \itemize; meant \describe ? checkRd: (-1) hospiceRPT.Rd:22: Lost braces in \itemize; meant \describe ? checkRd: (-1) hospiceRPT.Rd:23: Lost braces in \itemize; meant \describe ? checkRd: (-1) hospiceRPT.Rd:24: Lost braces in \itemize; meant \describe ? checkRd: (-1) hospiceRPT.Rd:25: Lost braces in \itemize; meant \describe ? checkRd: (-1) hospiceRPT.Rd:26: Lost braces in \itemize; meant \describe ? Flavors: r-devel-linux-x86_64-debian-clang, r-devel-linux-x86_64-debian-gcc, r-devel-linux-x86_64-fedora-clang, r-devel-linux-x86_64-fedora-gcc, r-devel-windows-x86_64, r-patched-linux-x86_64, r-release-linux-x86_64, r-release-macos-arm64, r-release-macos-x86_64, r-release-windows-x86_64