CRAN Package Check Results for Package mbrglm

Last updated on 2024-07-23 07:07:19 CEST.

Flavor Version Tinstall Tcheck Ttotal Status Flags
r-devel-linux-x86_64-debian-clang 0.0.1 2.72 26.11 28.83 OK
r-devel-linux-x86_64-debian-gcc 0.0.1 2.28 20.17 22.45 OK
r-devel-linux-x86_64-fedora-clang 0.0.1 38.47 NOTE
r-devel-linux-x86_64-fedora-gcc 0.0.1 36.32 NOTE
r-devel-windows-x86_64 0.0.1 6.00 44.00 50.00 OK
r-patched-linux-x86_64 0.0.1 2.96 24.60 27.56 OK
r-release-linux-x86_64 0.0.1 2.66 24.33 26.99 OK
r-release-macos-arm64 0.0.1 17.00 OK
r-release-macos-x86_64 0.0.1 23.00 OK
r-release-windows-x86_64 0.0.1 5.00 44.00 49.00 OK
r-oldrel-macos-arm64 0.0.1 17.00 OK
r-oldrel-macos-x86_64 0.0.1 23.00 OK
r-oldrel-windows-x86_64 0.0.1 6.00 45.00 51.00 OK

Check Details

Version: 0.0.1
Check: compiled code
Result: NOTE File ‘mbrglm/libs/mbrglm.so’: Found no calls to: ‘R_registerRoutines’, ‘R_useDynamicSymbols’ It is good practice to register native routines and to disable symbol search. See ‘Writing portable packages’ in the ‘Writing R Extensions’ manual. Flavors: r-devel-linux-x86_64-fedora-clang, r-devel-linux-x86_64-fedora-gcc