CRAN Package Check Results for Package maotai

Last updated on 2024-07-18 18:48:14 CEST.

Flavor Version Tinstall Tcheck Ttotal Status Flags
r-devel-linux-x86_64-debian-clang 0.2.5 151.33 109.25 260.58 NOTE
r-devel-linux-x86_64-debian-gcc 0.2.5 91.39 80.92 172.31 NOTE
r-devel-linux-x86_64-fedora-clang 0.2.5 367.00 NOTE
r-devel-linux-x86_64-fedora-gcc 0.2.5 352.70 NOTE
r-devel-windows-x86_64 0.2.5 107.00 129.00 236.00 NOTE
r-patched-linux-x86_64 0.2.5 119.93 106.67 226.60 NOTE
r-release-linux-x86_64 0.2.5 93.22 105.55 198.77 NOTE
r-release-macos-arm64 0.2.5 73.00 NOTE
r-release-macos-x86_64 0.2.5 104.00 NOTE
r-release-windows-x86_64 0.2.5 109.00 128.00 237.00 NOTE
r-oldrel-macos-arm64 0.2.5 83.00 NOTE
r-oldrel-macos-x86_64 0.2.5 147.00 NOTE
r-oldrel-windows-x86_64 0.2.5 129.00 151.00 280.00 OK

Check Details

Version: 0.2.5
Check: Rd files
Result: NOTE checkRd: (-1) shortestpath.Rd:19: Lost braces; missing escapes or markup? 19 | \eqn{0} means there exists no path for node \eqn{i} and {j}. | ^ Flavors: r-devel-linux-x86_64-debian-clang, r-devel-linux-x86_64-debian-gcc, r-devel-linux-x86_64-fedora-clang, r-devel-linux-x86_64-fedora-gcc, r-devel-windows-x86_64, r-patched-linux-x86_64, r-release-linux-x86_64, r-release-macos-arm64, r-release-macos-x86_64, r-release-windows-x86_64

Version: 0.2.5
Check: installed package size
Result: NOTE installed size is 5.9Mb sub-directories of 1Mb or more: libs 5.6Mb Flavors: r-release-macos-arm64, r-release-macos-x86_64, r-oldrel-macos-arm64, r-oldrel-macos-x86_64