CRAN Package Check Results for Package malariaAtlas

Last updated on 2024-06-12 17:57:22 CEST.

Flavor Version Tinstall Tcheck Ttotal Status Flags
r-devel-linux-x86_64-debian-clang 1.5.1 10.16 234.63 244.79 OK
r-devel-linux-x86_64-debian-gcc 1.5.1 0.59 1.88 2.47 ERROR
r-devel-linux-x86_64-fedora-clang 1.5.1 222.27 OK
r-devel-linux-x86_64-fedora-gcc 1.5.1 253.78 OK
r-devel-windows-x86_64 1.5.1 9.00 329.00 338.00 OK
r-patched-linux-x86_64 1.5.1 12.86 223.49 236.35 OK
r-release-linux-x86_64 1.5.1 5.96 223.18 229.14 OK
r-release-macos-arm64 1.5.1 147.00 OK
r-release-macos-x86_64 1.5.1 199.00 OK
r-release-windows-x86_64 1.5.1 9.00 317.00 326.00 OK
r-oldrel-macos-arm64 1.5.1 140.00 OK
r-oldrel-macos-x86_64 1.5.1 259.00 OK
r-oldrel-windows-x86_64 1.5.1 12.00 397.00 409.00 OK

Check Details

Version: 1.5.1
Check: package dependencies
Result: ERROR Packages required but not available: 'ggplot2', 'dplyr', 'tidyr', 'tidyterra', 'ows4R', 'lubridate', 'stringr' Packages suggested but not available for checking: 'testthat', 'tibble', 'rdhs' See section ‘The DESCRIPTION file’ in the ‘Writing R Extensions’ manual. Flavor: r-devel-linux-x86_64-debian-gcc