CRAN Package Check Results for Package mMPA

Last updated on 2024-07-13 06:49:44 CEST.

Flavor Version Tinstall Tcheck Ttotal Status Flags
r-devel-linux-x86_64-debian-clang 1.2.0 1.84 26.85 28.69 NOTE
r-devel-linux-x86_64-debian-gcc 1.2.0 1.64 20.53 22.17 NOTE
r-devel-linux-x86_64-fedora-clang 1.2.0 38.78 NOTE
r-devel-linux-x86_64-fedora-gcc 1.2.0 47.48 NOTE
r-devel-windows-x86_64 1.2.0 3.00 49.00 52.00 NOTE
r-patched-linux-x86_64 1.2.0 1.57 25.55 27.12 NOTE
r-release-linux-x86_64 1.2.0 1.71 25.21 26.92 NOTE
r-release-macos-arm64 1.2.0 22.00 NOTE
r-release-macos-x86_64 1.2.0 34.00 NOTE
r-release-windows-x86_64 1.2.0 3.00 48.00 51.00 NOTE
r-oldrel-macos-arm64 1.2.0 20.00 NOTE
r-oldrel-macos-x86_64 1.2.0 30.00 NOTE
r-oldrel-windows-x86_64 1.2.0 3.00 45.00 48.00 NOTE

Check Details

Version: 1.2.0
Check: LazyData
Result: NOTE 'LazyData' is specified without a 'data' directory Flavors: r-devel-linux-x86_64-debian-clang, r-devel-linux-x86_64-debian-gcc, r-devel-linux-x86_64-fedora-clang, r-devel-linux-x86_64-fedora-gcc, r-devel-windows-x86_64, r-patched-linux-x86_64, r-release-linux-x86_64, r-release-macos-arm64, r-release-macos-x86_64, r-release-windows-x86_64, r-oldrel-macos-arm64, r-oldrel-macos-x86_64, r-oldrel-windows-x86_64