CRAN Package Check Results for Package mDAG

Last updated on 2024-07-21 18:54:16 CEST.

Flavor Version Tinstall Tcheck Ttotal Status Flags
r-devel-linux-x86_64-debian-clang 1.2.2 46.69 163.16 209.85 NOTE
r-devel-linux-x86_64-debian-gcc 1.2.2 35.89 135.47 171.36 NOTE
r-devel-linux-x86_64-fedora-clang 1.2.2 307.34 NOTE
r-devel-linux-x86_64-fedora-gcc 1.2.2 293.74 NOTE
r-devel-windows-x86_64 1.2.2 42.00 156.00 198.00 NOTE
r-patched-linux-x86_64 1.2.2 44.82 154.80 199.62 NOTE
r-release-linux-x86_64 1.2.2 48.36 160.47 208.83 NOTE
r-release-macos-arm64 1.2.2 78.00 NOTE
r-release-macos-x86_64 1.2.2 113.00 NOTE
r-release-windows-x86_64 1.2.2 46.00 158.00 204.00 NOTE
r-oldrel-macos-arm64 1.2.2 75.00 NOTE
r-oldrel-macos-x86_64 1.2.2 128.00 NOTE
r-oldrel-windows-x86_64 1.2.2 57.00 189.00 246.00 NOTE

Check Details

Version: 1.2.2
Check: C++ specification
Result: NOTE Specified C++11: please drop specification unless essential Flavors: r-devel-linux-x86_64-debian-clang, r-devel-linux-x86_64-debian-gcc, r-devel-linux-x86_64-fedora-clang, r-devel-linux-x86_64-fedora-gcc, r-devel-windows-x86_64, r-patched-linux-x86_64, r-release-linux-x86_64, r-release-macos-arm64, r-release-macos-x86_64, r-release-windows-x86_64, r-oldrel-macos-arm64, r-oldrel-macos-x86_64, r-oldrel-windows-x86_64