CRAN Package Check Results for Package lowmemtkmeans

Last updated on 2024-07-20 18:57:34 CEST.

Flavor Version Tinstall Tcheck Ttotal Status Flags
r-devel-linux-x86_64-debian-clang 0.1.2 26.27 30.36 56.63 NOTE
r-devel-linux-x86_64-debian-gcc 0.1.2 19.78 23.77 43.55 NOTE
r-devel-linux-x86_64-fedora-clang 0.1.2 98.54 NOTE
r-devel-linux-x86_64-fedora-gcc 0.1.2 96.87 NOTE
r-devel-windows-x86_64 0.1.2 26.00 64.00 90.00 NOTE
r-patched-linux-x86_64 0.1.2 32.03 29.20 61.23 NOTE
r-release-linux-x86_64 0.1.2 33.09 29.67 62.76 NOTE
r-release-macos-arm64 0.1.2 26.00 NOTE
r-release-macos-x86_64 0.1.2 34.00 NOTE
r-release-windows-x86_64 0.1.2 31.00 63.00 94.00 NOTE
r-oldrel-macos-arm64 0.1.2 27.00 NOTE
r-oldrel-macos-x86_64 0.1.2 44.00 NOTE
r-oldrel-windows-x86_64 0.1.2 38.00 70.00 108.00 NOTE

Check Details

Version: 0.1.2
Check: C++ specification
Result: NOTE Specified C++11: please drop specification unless essential Flavors: r-devel-linux-x86_64-debian-clang, r-devel-linux-x86_64-debian-gcc, r-devel-linux-x86_64-fedora-clang, r-devel-linux-x86_64-fedora-gcc, r-devel-windows-x86_64, r-patched-linux-x86_64, r-release-linux-x86_64, r-release-macos-arm64, r-release-macos-x86_64, r-release-windows-x86_64, r-oldrel-macos-arm64, r-oldrel-macos-x86_64, r-oldrel-windows-x86_64

Version: 0.1.2
Check: LazyData
Result: NOTE 'LazyData' is specified without a 'data' directory Flavors: r-devel-linux-x86_64-debian-clang, r-devel-linux-x86_64-debian-gcc, r-devel-linux-x86_64-fedora-clang, r-devel-linux-x86_64-fedora-gcc, r-devel-windows-x86_64, r-patched-linux-x86_64, r-release-linux-x86_64, r-release-macos-arm64, r-release-macos-x86_64, r-release-windows-x86_64, r-oldrel-macos-arm64, r-oldrel-macos-x86_64, r-oldrel-windows-x86_64

Version: 0.1.2
Check: compiled code
Result: NOTE File ‘lowmemtkmeans/libs/lowmemtkmeans.so’: Found no calls to: ‘R_registerRoutines’, ‘R_useDynamicSymbols’ It is good practice to register native routines and to disable symbol search. See ‘Writing portable packages’ in the ‘Writing R Extensions’ manual. Flavors: r-devel-linux-x86_64-fedora-clang, r-devel-linux-x86_64-fedora-gcc