CRAN Package Check Results for Package loon

Last updated on 2024-07-21 18:54:15 CEST.

Flavor Version Tinstall Tcheck Ttotal Status Flags
r-devel-linux-x86_64-debian-clang 1.4.1 27.74 270.93 298.67 NOTE
r-devel-linux-x86_64-debian-gcc 1.4.1 19.72 193.07 212.79 NOTE
r-devel-linux-x86_64-fedora-clang 1.4.1 386.65 NOTE
r-devel-linux-x86_64-fedora-gcc 1.4.1 374.42 NOTE
r-devel-windows-x86_64 1.4.1 24.00 380.00 404.00 NOTE
r-patched-linux-x86_64 1.4.1 30.76 257.03 287.79 NOTE
r-release-linux-x86_64 1.4.1 24.60 252.97 277.57 NOTE
r-release-macos-arm64 1.4.1 176.00 NOTE
r-release-macos-x86_64 1.4.1 190.00 NOTE
r-release-windows-x86_64 1.4.1 21.00 347.00 368.00 NOTE
r-oldrel-macos-arm64 1.4.1 170.00 NOTE
r-oldrel-macos-x86_64 1.4.1 370.00 NOTE
r-oldrel-windows-x86_64 1.4.1 25.00 363.00 388.00 OK

Additional issues

noSuggests

Check Details

Version: 1.4.1
Check: Rd files
Result: NOTE checkRd: (-1) l_binCut.Rd:30: Lost braces 30 | when 'code{labels = FALSE}, the default \code{active} is \code{-1}; and when \code{labels} is a vector of length equal | ^ Flavors: r-devel-linux-x86_64-debian-clang, r-devel-linux-x86_64-debian-gcc, r-devel-linux-x86_64-fedora-clang, r-devel-linux-x86_64-fedora-gcc, r-devel-windows-x86_64, r-patched-linux-x86_64, r-release-linux-x86_64, r-release-macos-arm64, r-release-macos-x86_64, r-release-windows-x86_64

Version: 1.4.1
Check: installed package size
Result: NOTE installed size is 5.0Mb sub-directories of 1Mb or more: doc 1.5Mb tcl 1.3Mb Flavor: r-devel-linux-x86_64-fedora-clang

Version: 1.4.1
Check: package dependencies
Result: NOTE Package suggested but not available for checking: ‘RDRToolbox’ Flavors: r-oldrel-macos-arm64, r-oldrel-macos-x86_64