CRAN Package Check Results for Package logisticPCA

Last updated on 2024-07-19 18:58:22 CEST.

Flavor Version Tinstall Tcheck Ttotal Status Flags
r-devel-linux-x86_64-debian-clang 0.2 4.97 64.69 69.66 OK
r-devel-linux-x86_64-debian-gcc 0.2 3.15 50.17 53.32 OK
r-devel-linux-x86_64-fedora-clang 0.2 90.59 NOTE
r-devel-linux-x86_64-fedora-gcc 0.2 95.62 NOTE
r-devel-windows-x86_64 0.2 9.00 81.00 90.00 OK
r-patched-linux-x86_64 0.2 4.04 63.07 67.11 OK
r-release-linux-x86_64 0.2 4.39 61.50 65.89 OK
r-release-macos-arm64 0.2 38.00 OK
r-release-macos-x86_64 0.2 68.00 OK
r-release-windows-x86_64 0.2 7.00 81.00 88.00 OK
r-oldrel-macos-arm64 0.2 42.00 OK
r-oldrel-macos-x86_64 0.2 63.00 OK
r-oldrel-windows-x86_64 0.2 9.00 86.00 95.00 OK

Check Details

Version: 0.2
Check: compiled code
Result: NOTE File ‘logisticPCA/libs/logisticPCA.so’: Found no calls to: ‘R_registerRoutines’, ‘R_useDynamicSymbols’ It is good practice to register native routines and to disable symbol search. See ‘Writing portable packages’ in the ‘Writing R Extensions’ manual. Flavors: r-devel-linux-x86_64-fedora-clang, r-devel-linux-x86_64-fedora-gcc