CRAN Package Check Results for Package logisticPCA

Last updated on 2025-01-24 07:49:21 CET.

Flavor Version Tinstall Tcheck Ttotal Status Flags
r-devel-linux-x86_64-debian-clang 0.2 3.45 50.94 54.39 OK
r-devel-linux-x86_64-debian-gcc 0.2 2.67 38.53 41.20 OK
r-devel-linux-x86_64-fedora-clang 0.2 87.76 NOTE
r-devel-linux-x86_64-fedora-gcc 0.2 100.44 NOTE
r-devel-windows-x86_64 0.2 7.00 80.00 87.00 OK
r-patched-linux-x86_64 0.2 3.24 48.53 51.77 OK
r-release-linux-x86_64 0.2 3.43 47.75 51.18 OK
r-release-macos-arm64 0.2 38.00 OK
r-release-macos-x86_64 0.2 68.00 OK
r-release-windows-x86_64 0.2 6.00 81.00 87.00 OK
r-oldrel-macos-arm64 0.2 42.00 OK
r-oldrel-macos-x86_64 0.2 63.00 OK
r-oldrel-windows-x86_64 0.2 8.00 88.00 96.00 OK

Check Details

Version: 0.2
Check: compiled code
Result: NOTE File ‘logisticPCA/libs/logisticPCA.so’: Found no calls to: ‘R_registerRoutines’, ‘R_useDynamicSymbols’ It is good practice to register native routines and to disable symbol search. See ‘Writing portable packages’ in the ‘Writing R Extensions’ manual. Flavors: r-devel-linux-x86_64-fedora-clang, r-devel-linux-x86_64-fedora-gcc