CRAN Package Check Results for Package logistf

Last updated on 2024-07-25 18:47:12 CEST.

Flavor Version Tinstall Tcheck Ttotal Status Flags
r-devel-linux-x86_64-debian-clang 1.26.0 21.69 141.64 163.33 OK
r-devel-linux-x86_64-debian-gcc 1.26.0 15.58 104.95 120.53 NOTE
r-devel-linux-x86_64-fedora-clang 1.26.0 212.31 OK
r-devel-linux-x86_64-fedora-gcc 1.26.0 189.73 OK
r-devel-windows-x86_64 1.26.0 18.00 119.00 137.00 NOTE
r-patched-linux-x86_64 1.26.0 OK
r-release-linux-x86_64 1.26.0 11.86 134.60 146.46 OK
r-release-macos-arm64 1.26.0 54.00 OK
r-release-macos-x86_64 1.26.0 85.00 OK
r-release-windows-x86_64 1.26.0 19.00 120.00 139.00 OK
r-oldrel-macos-arm64 1.26.0 62.00 OK
r-oldrel-macos-x86_64 1.26.0 112.00 OK
r-oldrel-windows-x86_64 1.26.0 26.00 145.00 171.00 OK

Check Details

Version: 1.26.0
Check: Rd cross-references
Result: NOTE Found the following Rd file(s) with Rd \link{} targets missing package anchors: logistf-package.Rd: mice Please provide package anchors for all Rd \link{} targets not in the package itself and the base packages. Flavors: r-devel-linux-x86_64-debian-gcc, r-devel-windows-x86_64