CRAN Package Check Results for Package lmerTest

Last updated on 2024-07-22 18:52:25 CEST.

Flavor Version Tinstall Tcheck Ttotal Status Flags
r-devel-linux-x86_64-debian-clang 3.1-3 14.05 271.15 285.20 OK
r-devel-linux-x86_64-debian-gcc 3.1-3 12.28 200.15 212.43 OK
r-devel-linux-x86_64-fedora-clang 3.1-3 378.99 OK
r-devel-linux-x86_64-fedora-gcc 3.1-3 329.52 OK
r-devel-windows-x86_64 3.1-3 14.00 202.00 216.00 OK
r-patched-linux-x86_64 3.1-3 14.61 263.82 278.43 OK
r-release-linux-x86_64 3.1-3 12.06 259.96 272.02 OK
r-release-macos-arm64 3.1-3 96.00 OK
r-release-macos-x86_64 3.1-3 139.00 OK
r-release-windows-x86_64 3.1-3 13.00 204.00 217.00 OK
r-oldrel-macos-arm64 3.1-3 108.00 OK
r-oldrel-macos-x86_64 3.1-3 183.00 NOTE
r-oldrel-windows-x86_64 3.1-3 18.00 251.00 269.00 OK

Check Details

Version: 3.1-3
Check: package dependencies
Result: NOTE Package suggested but not available for checking: ‘pbkrtest’ Flavor: r-oldrel-macos-x86_64

Version: 3.1-3
Check: Rd cross-references
Result: NOTE Package unavailable to check Rd xrefs: ‘pbkrtest’ Flavor: r-oldrel-macos-x86_64