CRAN Package Check Results for Package lisa

Last updated on 2024-07-13 06:49:42 CEST.

Flavor Version Tinstall Tcheck Ttotal Status Flags
r-devel-linux-x86_64-debian-clang 0.1.2 4.09 44.90 48.99 OK
r-devel-linux-x86_64-debian-gcc 0.1.2 3.34 33.47 36.81 OK
r-devel-linux-x86_64-fedora-clang 0.1.2 62.05 NOTE
r-devel-linux-x86_64-fedora-gcc 0.1.2 70.71 NOTE
r-devel-windows-x86_64 0.1.2 5.00 56.00 61.00 OK
r-patched-linux-x86_64 0.1.2 2.60 42.67 45.27 OK
r-release-linux-x86_64 0.1.2 3.55 42.47 46.02 OK
r-release-macos-arm64 0.1.2 28.00 OK
r-release-macos-x86_64 0.1.2 42.00 OK
r-release-windows-x86_64 0.1.2 4.00 54.00 58.00 OK
r-oldrel-macos-arm64 0.1.2 28.00 OK
r-oldrel-macos-x86_64 0.1.2 40.00 OK
r-oldrel-windows-x86_64 0.1.2 6.00 58.00 64.00 OK

Check Details

Version: 0.1.2
Check: data for non-ASCII characters
Result: NOTE Note: found 32 marked UTF-8 strings Flavors: r-devel-linux-x86_64-fedora-clang, r-devel-linux-x86_64-fedora-gcc