CRAN Package Check Results for Package leafpm

Last updated on 2024-07-24 06:57:18 CEST.

Flavor Version Tinstall Tcheck Ttotal Status Flags
r-devel-linux-x86_64-debian-clang 0.1.0 2.02 23.05 25.07 NOTE
r-devel-linux-x86_64-debian-gcc 0.1.0 1.80 18.35 20.15 NOTE
r-devel-linux-x86_64-fedora-clang 0.1.0 33.09 NOTE
r-devel-linux-x86_64-fedora-gcc 0.1.0 31.26 NOTE
r-devel-windows-x86_64 0.1.0 4.00 40.00 44.00 NOTE
r-patched-linux-x86_64 0.1.0 2.00 22.68 24.68 NOTE
r-release-linux-x86_64 0.1.0 1.71 23.03 24.74 NOTE
r-release-macos-arm64 0.1.0 15.00 NOTE
r-release-macos-x86_64 0.1.0 22.00 NOTE
r-release-windows-x86_64 0.1.0 4.00 42.00 46.00 NOTE
r-oldrel-macos-arm64 0.1.0 18.00 NOTE
r-oldrel-macos-x86_64 0.1.0 21.00 NOTE
r-oldrel-windows-x86_64 0.1.0 4.00 45.00 49.00 NOTE

Check Details

Version: 0.1.0
Check: LazyData
Result: NOTE 'LazyData' is specified without a 'data' directory Flavors: r-devel-linux-x86_64-debian-clang, r-devel-linux-x86_64-debian-gcc, r-devel-linux-x86_64-fedora-clang, r-devel-linux-x86_64-fedora-gcc, r-devel-windows-x86_64, r-patched-linux-x86_64, r-release-linux-x86_64, r-release-macos-arm64, r-release-macos-x86_64, r-release-windows-x86_64, r-oldrel-macos-arm64, r-oldrel-macos-x86_64, r-oldrel-windows-x86_64

Version: 0.1.0
Check: dependencies in R code
Result: NOTE Namespaces in Imports field not imported from: ‘dplyr’ ‘htmlwidgets’ ‘jsonlite’ ‘sf’ All declared Imports should be used. Flavors: r-devel-linux-x86_64-fedora-clang, r-devel-linux-x86_64-fedora-gcc