CRAN Package Check Results for Package lcsm

Last updated on 2024-07-21 06:52:12 CEST.

Flavor Version Tinstall Tcheck Ttotal Status Flags
r-devel-linux-x86_64-debian-clang 0.3.2 3.40 127.70 131.10 NOTE
r-devel-linux-x86_64-debian-gcc 0.3.2 4.14 93.05 97.19 NOTE
r-devel-linux-x86_64-fedora-clang 0.3.2 164.28 NOTE
r-devel-linux-x86_64-fedora-gcc 0.3.2 169.41 NOTE
r-devel-windows-x86_64 0.3.2 6.00 116.00 122.00 NOTE
r-patched-linux-x86_64 0.3.2 3.36 123.10 126.46 NOTE
r-release-linux-x86_64 0.3.2 3.16 122.75 125.91 NOTE
r-release-macos-arm64 0.3.2 57.00 NOTE
r-release-macos-x86_64 0.3.2 80.00 NOTE
r-release-windows-x86_64 0.3.2 6.00 116.00 122.00 NOTE
r-oldrel-macos-arm64 0.3.2 62.00 OK
r-oldrel-macos-x86_64 0.3.2 93.00 OK
r-oldrel-windows-x86_64 0.3.2 8.00 136.00 144.00 OK

Check Details

Version: 0.3.2
Check: Rd files
Result: NOTE checkRd: (-1) data_bi_lcsm.Rd:10: Lost braces in \itemize; meant \describe ? checkRd: (-1) data_bi_lcsm.Rd:11: Lost braces in \itemize; meant \describe ? checkRd: (-1) data_bi_lcsm.Rd:12: Lost braces in \itemize; meant \describe ? checkRd: (-1) data_bi_lcsm.Rd:13: Lost braces in \itemize; meant \describe ? checkRd: (-1) data_bi_lcsm.Rd:14: Lost braces in \itemize; meant \describe ? checkRd: (-1) data_bi_lcsm.Rd:15: Lost braces in \itemize; meant \describe ? checkRd: (-1) data_bi_lcsm.Rd:16: Lost braces in \itemize; meant \describe ? checkRd: (-1) data_bi_lcsm.Rd:17: Lost braces in \itemize; meant \describe ? checkRd: (-1) data_bi_lcsm.Rd:18: Lost braces in \itemize; meant \describe ? checkRd: (-1) data_bi_lcsm.Rd:19: Lost braces in \itemize; meant \describe ? checkRd: (-1) data_bi_lcsm.Rd:20: Lost braces in \itemize; meant \describe ? checkRd: (-1) data_bi_lcsm.Rd:21: Lost braces in \itemize; meant \describe ? checkRd: (-1) data_bi_lcsm.Rd:22: Lost braces in \itemize; meant \describe ? checkRd: (-1) data_bi_lcsm.Rd:23: Lost braces in \itemize; meant \describe ? checkRd: (-1) data_bi_lcsm.Rd:24: Lost braces in \itemize; meant \describe ? checkRd: (-1) data_bi_lcsm.Rd:25: Lost braces in \itemize; meant \describe ? checkRd: (-1) data_bi_lcsm.Rd:26: Lost braces in \itemize; meant \describe ? checkRd: (-1) data_bi_lcsm.Rd:27: Lost braces in \itemize; meant \describe ? checkRd: (-1) data_bi_lcsm.Rd:28: Lost braces in \itemize; meant \describe ? checkRd: (-1) data_bi_lcsm.Rd:29: Lost braces in \itemize; meant \describe ? checkRd: (-1) data_bi_lcsm.Rd:30: Lost braces in \itemize; meant \describe ? checkRd: (-1) data_uni_lcsm.Rd:10: Lost braces in \itemize; meant \describe ? checkRd: (-1) data_uni_lcsm.Rd:11: Lost braces in \itemize; meant \describe ? checkRd: (-1) data_uni_lcsm.Rd:12: Lost braces in \itemize; meant \describe ? checkRd: (-1) data_uni_lcsm.Rd:13: Lost braces in \itemize; meant \describe ? checkRd: (-1) data_uni_lcsm.Rd:14: Lost braces in \itemize; meant \describe ? checkRd: (-1) data_uni_lcsm.Rd:15: Lost braces in \itemize; meant \describe ? checkRd: (-1) data_uni_lcsm.Rd:16: Lost braces in \itemize; meant \describe ? checkRd: (-1) data_uni_lcsm.Rd:17: Lost braces in \itemize; meant \describe ? checkRd: (-1) data_uni_lcsm.Rd:18: Lost braces in \itemize; meant \describe ? checkRd: (-1) data_uni_lcsm.Rd:19: Lost braces in \itemize; meant \describe ? checkRd: (-1) data_uni_lcsm.Rd:20: Lost braces in \itemize; meant \describe ? checkRd: (-1) fit_bi_lcsm.Rd:31: Lost braces in \itemize; meant \describe ? checkRd: (-1) fit_bi_lcsm.Rd:32: Lost braces in \itemize; meant \describe ? checkRd: (-1) fit_bi_lcsm.Rd:33-34: Lost braces in \itemize; meant \describe ? checkRd: (-1) fit_bi_lcsm.Rd:35: Lost braces in \itemize; meant \describe ? checkRd: (-1) fit_bi_lcsm.Rd:36: Lost braces in \itemize; meant \describe ? checkRd: (-1) fit_bi_lcsm.Rd:37: Lost braces in \itemize; meant \describe ? checkRd: (-1) fit_bi_lcsm.Rd:42: Lost braces in \itemize; meant \describe ? checkRd: (-1) fit_bi_lcsm.Rd:43: Lost braces in \itemize; meant \describe ? checkRd: (-1) fit_bi_lcsm.Rd:44-45: Lost braces in \itemize; meant \describe ? checkRd: (-1) fit_bi_lcsm.Rd:46: Lost braces in \itemize; meant \describe ? checkRd: (-1) fit_bi_lcsm.Rd:47: Lost braces in \itemize; meant \describe ? checkRd: (-1) fit_bi_lcsm.Rd:48: Lost braces in \itemize; meant \describe ? checkRd: (-1) fit_bi_lcsm.Rd:53: Lost braces in \itemize; meant \describe ? checkRd: (-1) fit_bi_lcsm.Rd:54: Lost braces in \itemize; meant \describe ? checkRd: (-1) fit_bi_lcsm.Rd:55: Lost braces in \itemize; meant \describe ? checkRd: (-1) fit_bi_lcsm.Rd:56: Lost braces in \itemize; meant \describe ? checkRd: (-1) fit_bi_lcsm.Rd:57: Lost braces in \itemize; meant \describe ? checkRd: (-1) fit_bi_lcsm.Rd:58: Lost braces in \itemize; meant \describe ? checkRd: (-1) fit_uni_lcsm.Rd:26: Lost braces in \itemize; meant \describe ? checkRd: (-1) fit_uni_lcsm.Rd:27: Lost braces in \itemize; meant \describe ? checkRd: (-1) fit_uni_lcsm.Rd:28-29: Lost braces in \itemize; meant \describe ? checkRd: (-1) fit_uni_lcsm.Rd:30: Lost braces in \itemize; meant \describe ? checkRd: (-1) fit_uni_lcsm.Rd:31: Lost braces in \itemize; meant \describe ? checkRd: (-1) fit_uni_lcsm.Rd:32: Lost braces in \itemize; meant \describe ? checkRd: (-1) lcsm_data.Rd:10: Lost braces in \itemize; meant \describe ? checkRd: (-1) lcsm_data.Rd:11: Lost braces in \itemize; meant \describe ? checkRd: (-1) lcsm_data.Rd:12: Lost braces in \itemize; meant \describe ? checkRd: (-1) lcsm_data.Rd:13: Lost braces in \itemize; meant \describe ? checkRd: (-1) lcsm_data.Rd:14: Lost braces in \itemize; meant \describe ? checkRd: (-1) lcsm_data.Rd:15: Lost braces in \itemize; meant \describe ? checkRd: (-1) lcsm_data.Rd:16: Lost braces in \itemize; meant \describe ? checkRd: (-1) lcsm_data.Rd:17: Lost braces in \itemize; meant \describe ? checkRd: (-1) lcsm_data.Rd:18: Lost braces in \itemize; meant \describe ? checkRd: (-1) lcsm_data.Rd:19: Lost braces in \itemize; meant \describe ? checkRd: (-1) lcsm_data.Rd:20: Lost braces in \itemize; meant \describe ? checkRd: (-1) specify_bi_lcsm.Rd:26: Lost braces in \itemize; meant \describe ? checkRd: (-1) specify_bi_lcsm.Rd:27: Lost braces in \itemize; meant \describe ? checkRd: (-1) specify_bi_lcsm.Rd:28: Lost braces in \itemize; meant \describe ? checkRd: (-1) specify_bi_lcsm.Rd:29: Lost braces in \itemize; meant \describe ? checkRd: (-1) specify_bi_lcsm.Rd:30: Lost braces in \itemize; meant \describe ? checkRd: (-1) specify_bi_lcsm.Rd:31: Lost braces in \itemize; meant \describe ? checkRd: (-1) specify_bi_lcsm.Rd:38: Lost braces in \itemize; meant \describe ? checkRd: (-1) specify_bi_lcsm.Rd:39: Lost braces in \itemize; meant \describe ? checkRd: (-1) specify_bi_lcsm.Rd:40: Lost braces in \itemize; meant \describe ? checkRd: (-1) specify_bi_lcsm.Rd:41: Lost braces in \itemize; meant \describe ? checkRd: (-1) specify_bi_lcsm.Rd:42: Lost braces in \itemize; meant \describe ? checkRd: (-1) specify_bi_lcsm.Rd:43: Lost braces in \itemize; meant \describe ? checkRd: (-1) specify_bi_lcsm.Rd:48: Lost braces in \itemize; meant \describe ? checkRd: (-1) specify_bi_lcsm.Rd:49: Lost braces in \itemize; meant \describe ? checkRd: (-1) specify_bi_lcsm.Rd:50: Lost braces in \itemize; meant \describe ? checkRd: (-1) specify_bi_lcsm.Rd:51: Lost braces in \itemize; meant \describe ? checkRd: (-1) specify_bi_lcsm.Rd:52: Lost braces in \itemize; meant \describe ? checkRd: (-1) specify_bi_lcsm.Rd:53: Lost braces in \itemize; meant \describe ? checkRd: (-1) specify_bi_lcsm.Rd:54: Lost braces in \itemize; meant \describe ? checkRd: (-1) specify_bi_lcsm.Rd:55: Lost braces in \itemize; meant \describe ? checkRd: (-1) specify_bi_lcsm.Rd:56: Lost braces in \itemize; meant \describe ? checkRd: (-1) specify_bi_lcsm.Rd:57: Lost braces in \itemize; meant \describe ? Flavors: r-devel-linux-x86_64-debian-clang, r-devel-linux-x86_64-debian-gcc, r-devel-linux-x86_64-fedora-clang, r-devel-linux-x86_64-fedora-gcc, r-devel-windows-x86_64, r-patched-linux-x86_64, r-release-linux-x86_64, r-release-macos-arm64, r-release-macos-x86_64, r-release-windows-x86_64

Version: 0.3.2
Check: dependencies in R code
Result: NOTE Namespace in Imports field not imported from: ‘cli’ All declared Imports should be used. Flavors: r-devel-linux-x86_64-fedora-clang, r-devel-linux-x86_64-fedora-gcc