CRAN Package Check Results for Package lazyarray

Last updated on 2024-07-12 18:52:17 CEST.

Flavor Version Tinstall Tcheck Ttotal Status Flags
r-devel-linux-x86_64-debian-clang 1.1.0 42.91 44.78 87.69 NOTE
r-devel-linux-x86_64-debian-gcc 1.1.0 32.09 35.29 67.38 NOTE
r-devel-linux-x86_64-fedora-clang 1.1.0 128.28 NOTE
r-devel-linux-x86_64-fedora-gcc 1.1.0 142.99 NOTE
r-devel-windows-x86_64 1.1.0 39.00 81.00 120.00 NOTE
r-patched-linux-x86_64 1.1.0 39.08 43.54 82.62 NOTE
r-release-linux-x86_64 1.1.0 35.17 43.13 78.30 NOTE
r-release-macos-arm64 1.1.0 36.00 NOTE
r-release-macos-x86_64 1.1.0 53.00 NOTE
r-release-windows-x86_64 1.1.0 41.00 82.00 123.00 NOTE
r-oldrel-macos-arm64 1.1.0 43.00 NOTE
r-oldrel-macos-x86_64 1.1.0 65.00 NOTE
r-oldrel-windows-x86_64 1.1.0 35.00 89.00 124.00 NOTE

Check Details

Version: 1.1.0
Check: C++ specification
Result: NOTE Specified C++11: please drop specification unless essential Flavors: r-devel-linux-x86_64-debian-clang, r-devel-linux-x86_64-debian-gcc, r-devel-linux-x86_64-fedora-clang, r-devel-linux-x86_64-fedora-gcc, r-devel-windows-x86_64, r-patched-linux-x86_64, r-release-linux-x86_64, r-release-macos-arm64, r-release-macos-x86_64, r-release-windows-x86_64, r-oldrel-macos-arm64, r-oldrel-macos-x86_64, r-oldrel-windows-x86_64