CRAN Package Check Results for Package languageR

Last updated on 2024-07-19 06:50:18 CEST.

Flavor Version Tinstall Tcheck Ttotal Status Flags
r-devel-linux-x86_64-debian-clang 1.5.0 8.59 68.65 77.24 OK
r-devel-linux-x86_64-debian-gcc 1.5.0 6.95 50.49 57.44 OK
r-devel-linux-x86_64-fedora-clang 1.5.0 100.39 OK
r-devel-linux-x86_64-fedora-gcc 1.5.0 97.73 OK
r-devel-windows-x86_64 1.5.0 10.00 107.00 117.00 NOTE
r-patched-linux-x86_64 1.5.0 9.63 65.90 75.53 OK
r-release-linux-x86_64 1.5.0 6.34 66.44 72.78 OK
r-release-macos-arm64 1.5.0 30.00 OK
r-release-macos-x86_64 1.5.0 47.00 OK
r-release-windows-x86_64 1.5.0 10.00 106.00 116.00 OK
r-oldrel-macos-arm64 1.5.0 31.00 OK
r-oldrel-macos-x86_64 1.5.0 50.00 OK
r-oldrel-windows-x86_64 1.5.0 10.00 124.00 134.00 OK

Check Details

Version: 1.5.0
Check: Rd cross-references
Result: NOTE Found the following Rd file(s) with Rd \link{} targets missing package anchors: xylowess.fnc.Rd: xyplot Please provide package anchors for all Rd \link{} targets not in the package itself and the base packages. Flavor: r-devel-windows-x86_64