CRAN Package Check Results for Package landscapeR

Last updated on 2024-07-25 06:52:18 CEST.

Flavor Version Tinstall Tcheck Ttotal Status Flags
r-devel-linux-x86_64-debian-clang 1.2 15.27 78.77 94.04 NOTE
r-devel-linux-x86_64-debian-gcc 1.2 10.07 56.78 66.85 NOTE
r-devel-linux-x86_64-fedora-clang 1.2 128.61 NOTE
r-devel-linux-x86_64-fedora-gcc 1.2 125.50 NOTE
r-devel-windows-x86_64 1.2 16.00 85.00 101.00 NOTE
r-patched-linux-x86_64 1.2 16.98 74.53 91.51 NOTE
r-release-linux-x86_64 1.2 14.76 73.64 88.40 NOTE
r-release-macos-arm64 1.2 39.00 NOTE
r-release-macos-x86_64 1.2 63.00 NOTE
r-release-windows-x86_64 1.2 20.00 88.00 108.00 NOTE
r-oldrel-macos-arm64 1.2 46.00 NOTE
r-oldrel-macos-x86_64 1.2 69.00 NOTE
r-oldrel-windows-x86_64 1.2 18.00 106.00 124.00 NOTE

Check Details

Version: 1.2
Check: LazyData
Result: NOTE 'LazyData' is specified without a 'data' directory Flavors: r-devel-linux-x86_64-debian-clang, r-devel-linux-x86_64-debian-gcc, r-devel-linux-x86_64-fedora-clang, r-devel-linux-x86_64-fedora-gcc, r-devel-windows-x86_64, r-patched-linux-x86_64, r-release-linux-x86_64, r-release-macos-arm64, r-release-macos-x86_64, r-release-windows-x86_64, r-oldrel-macos-arm64, r-oldrel-macos-x86_64, r-oldrel-windows-x86_64