CRAN Package Check Results for Package knn.covertree

Last updated on 2024-07-13 18:55:36 CEST.

Flavor Version Tinstall Tcheck Ttotal Status Flags
r-devel-linux-x86_64-debian-clang 1.0 40.87 71.55 112.42 NOTE
r-devel-linux-x86_64-debian-gcc 1.0 33.50 53.35 86.85 NOTE
r-devel-linux-x86_64-fedora-clang 1.0 156.05 NOTE
r-devel-linux-x86_64-fedora-gcc 1.0 151.84 NOTE
r-devel-windows-x86_64 1.0 35.00 83.00 118.00 NOTE
r-patched-linux-x86_64 1.0 37.15 66.44 103.59 NOTE
r-release-linux-x86_64 1.0 32.21 65.17 97.38 NOTE
r-release-macos-arm64 1.0 39.00 NOTE
r-release-macos-x86_64 1.0 59.00 NOTE
r-release-windows-x86_64 1.0 37.00 85.00 122.00 NOTE
r-oldrel-macos-arm64 1.0 44.00 NOTE
r-oldrel-macos-x86_64 1.0 72.00 NOTE
r-oldrel-windows-x86_64 1.0 42.00 104.00 146.00 NOTE

Check Details

Version: 1.0
Check: C++ specification
Result: NOTE Specified C++11: please drop specification unless essential Flavors: r-devel-linux-x86_64-debian-clang, r-devel-linux-x86_64-debian-gcc, r-devel-linux-x86_64-fedora-clang, r-devel-linux-x86_64-fedora-gcc, r-devel-windows-x86_64, r-patched-linux-x86_64, r-release-linux-x86_64, r-release-macos-arm64, r-release-macos-x86_64, r-release-windows-x86_64, r-oldrel-macos-arm64, r-oldrel-macos-x86_64, r-oldrel-windows-x86_64