CRAN Package Check Results for Package keys

Last updated on 2024-07-24 18:53:54 CEST.

Flavor Version Tinstall Tcheck Ttotal Status Flags
r-devel-linux-x86_64-debian-clang 0.1.1 2.60 33.96 36.56 NOTE
r-devel-linux-x86_64-debian-gcc 0.1.1 2.50 26.61 29.11 NOTE
r-devel-linux-x86_64-fedora-clang 0.1.1 48.65 NOTE
r-devel-linux-x86_64-fedora-gcc 0.1.1 58.59 NOTE
r-devel-windows-x86_64 0.1.1 5.00 49.00 54.00 NOTE
r-patched-linux-x86_64 0.1.1 2.88 32.78 35.66 NOTE
r-release-linux-x86_64 0.1.1 2.47 33.01 35.48 NOTE
r-release-macos-arm64 0.1.1 25.00 NOTE
r-release-macos-x86_64 0.1.1 36.00 NOTE
r-release-windows-x86_64 0.1.1 4.00 47.00 51.00 NOTE
r-oldrel-macos-arm64 0.1.1 25.00 OK
r-oldrel-macos-x86_64 0.1.1 35.00 OK
r-oldrel-windows-x86_64 0.1.1 5.00 51.00 56.00 OK

Check Details

Version: 0.1.1
Check: Rd files
Result: NOTE checkRd: (-1) useKeys.Rd:13: Lost braces; missing escapes or markup? 13 | This function adds the {keys} dependencies to your application | ^ Flavors: r-devel-linux-x86_64-debian-clang, r-devel-linux-x86_64-debian-gcc, r-devel-linux-x86_64-fedora-clang, r-devel-linux-x86_64-fedora-gcc, r-devel-windows-x86_64, r-patched-linux-x86_64, r-release-linux-x86_64, r-release-macos-arm64, r-release-macos-x86_64, r-release-windows-x86_64