CRAN Package Check Results for Package keyringr

Last updated on 2024-07-20 18:57:33 CEST.

Flavor Version Tinstall Tcheck Ttotal Status Flags
r-devel-linux-x86_64-debian-clang 0.4.0 2.10 26.79 28.89 NOTE
r-devel-linux-x86_64-debian-gcc 0.4.0 1.50 20.90 22.40 NOTE
r-devel-linux-x86_64-fedora-clang 0.4.0 38.16 NOTE
r-devel-linux-x86_64-fedora-gcc 0.4.0 48.73 NOTE
r-devel-windows-x86_64 0.4.0 4.00 50.00 54.00 NOTE
r-patched-linux-x86_64 0.4.0 1.95 25.93 27.88 NOTE
r-release-linux-x86_64 0.4.0 1.70 26.00 27.70 NOTE
r-release-macos-arm64 0.4.0 23.00 NOTE
r-release-macos-x86_64 0.4.0 35.00 NOTE
r-release-windows-x86_64 0.4.0 3.00 49.00 52.00 NOTE
r-oldrel-macos-arm64 0.4.0 25.00 NOTE
r-oldrel-macos-x86_64 0.4.0 32.00 NOTE
r-oldrel-windows-x86_64 0.4.0 3.00 48.00 51.00 NOTE

Check Details

Version: 0.4.0
Check: LazyData
Result: NOTE 'LazyData' is specified without a 'data' directory Flavors: r-devel-linux-x86_64-debian-clang, r-devel-linux-x86_64-debian-gcc, r-devel-linux-x86_64-fedora-clang, r-devel-linux-x86_64-fedora-gcc, r-devel-windows-x86_64, r-patched-linux-x86_64, r-release-linux-x86_64, r-release-macos-arm64, r-release-macos-x86_64, r-release-windows-x86_64, r-oldrel-macos-arm64, r-oldrel-macos-x86_64, r-oldrel-windows-x86_64