CRAN Package Check Results for Package kdecopula

Last updated on 2024-07-22 18:52:25 CEST.

Flavor Version Tinstall Tcheck Ttotal Status Flags
r-devel-linux-x86_64-debian-clang 0.9.2 92.09 108.73 200.82 OK
r-devel-linux-x86_64-debian-gcc 0.9.2 58.07 83.20 141.27 NOTE
r-devel-linux-x86_64-fedora-clang 0.9.2 320.60 OK
r-devel-linux-x86_64-fedora-gcc 0.9.2 291.40 OK
r-devel-windows-x86_64 0.9.2 73.00 121.00 194.00 NOTE
r-patched-linux-x86_64 0.9.2 97.86 97.23 195.09 OK
r-release-linux-x86_64 0.9.2 66.86 103.06 169.92 OK
r-release-macos-arm64 0.9.2 68.00 OK
r-release-macos-x86_64 0.9.2 88.00 OK
r-release-windows-x86_64 0.9.2 88.00 119.00 207.00 OK
r-oldrel-macos-arm64 0.9.2 105.00 OK
r-oldrel-macos-x86_64 0.9.2 173.00 OK
r-oldrel-windows-x86_64 0.9.2 108.00 132.00 240.00 OK

Check Details

Version: 0.9.2
Check: Rd cross-references
Result: NOTE Found the following Rd file(s) with Rd \link{} targets missing package anchors: plot.kdecopula.Rd: wireframe Please provide package anchors for all Rd \link{} targets not in the package itself and the base packages. Flavors: r-devel-linux-x86_64-debian-gcc, r-devel-windows-x86_64