CRAN Package Check Results for Package jtdm

Last updated on 2024-06-13 05:59:08 CEST.

Flavor Version Tinstall Tcheck Ttotal Status Flags
r-devel-linux-x86_64-debian-clang 0.1-2 8.35 105.36 113.71 OK
r-devel-linux-x86_64-debian-gcc 0.1-2 0.61 1.79 2.40 ERROR
r-devel-linux-x86_64-fedora-clang 0.1-2 141.89 OK
r-devel-linux-x86_64-fedora-gcc 0.1-2 147.03 OK
r-devel-windows-x86_64 0.1-2 8.00 89.00 97.00 OK
r-patched-linux-x86_64 0.1-2 6.77 102.63 109.40 OK
r-release-linux-x86_64 0.1-2 7.89 102.57 110.46 OK
r-release-macos-arm64 0.1-2 44.00 OK
r-release-macos-x86_64 0.1-2 73.00 OK
r-release-windows-x86_64 0.1-2 9.00 104.00 113.00 OK
r-oldrel-macos-arm64 0.1-2 44.00 OK
r-oldrel-macos-x86_64 0.1-2 106.00 OK
r-oldrel-windows-x86_64 0.1-2 10.00 109.00 119.00 OK

Check Details

Version: 0.1-2
Check: package dependencies
Result: ERROR Packages required but not available: 'ggforce', 'ggplot2', 'reshape2' Package suggested but not available for checking: ‘devtools’ See section ‘The DESCRIPTION file’ in the ‘Writing R Extensions’ manual. Flavor: r-devel-linux-x86_64-debian-gcc