CRAN Package Check Results for Package jointseg

Last updated on 2025-01-24 07:49:20 CET.

Flavor Version Tinstall Tcheck Ttotal Status Flags
r-devel-linux-x86_64-debian-clang 1.0.2 8.12 68.34 76.46 OK
r-devel-linux-x86_64-debian-gcc 1.0.2 5.10 51.72 56.82 OK
r-devel-linux-x86_64-fedora-clang 1.0.2 135.00 OK
r-devel-linux-x86_64-fedora-gcc 1.0.2 136.69 OK
r-devel-windows-x86_64 1.0.2 14.00 107.00 121.00 OK
r-patched-linux-x86_64 1.0.2 7.32 66.24 73.56 OK
r-release-linux-x86_64 1.0.2 6.91 66.89 73.80 OK
r-release-macos-arm64 1.0.2 46.00 OK
r-release-macos-x86_64 1.0.2 76.00 OK
r-release-windows-x86_64 1.0.2 11.00 106.00 117.00 OK
r-oldrel-macos-arm64 1.0.2 56.00 NOTE
r-oldrel-macos-x86_64 1.0.2 49.00 OK
r-oldrel-windows-x86_64 1.0.2 14.00 136.00 150.00 OK

Check Details

Version: 1.0.2
Check: package dependencies
Result: NOTE Package suggested but not available for checking: ‘PSCBS’ Flavor: r-oldrel-macos-arm64

Version: 1.0.2
Check: Rd cross-references
Result: NOTE Package unavailable to check Rd xrefs: ‘PSCBS’ Flavor: r-oldrel-macos-arm64