CRAN Package Check Results for Package jointseg

Last updated on 2024-07-17 18:53:27 CEST.

Flavor Version Tinstall Tcheck Ttotal Status Flags
r-devel-linux-x86_64-debian-clang 1.0.2 9.25 85.24 94.49 OK
r-devel-linux-x86_64-debian-gcc 1.0.2 6.63 66.62 73.25 OK
r-devel-linux-x86_64-fedora-clang 1.0.2 133.11 OK
r-devel-linux-x86_64-fedora-gcc 1.0.2 134.07 OK
r-devel-windows-x86_64 1.0.2 13.00 107.00 120.00 OK
r-patched-linux-x86_64 1.0.2 8.65 84.96 93.61 OK
r-release-linux-x86_64 1.0.2 7.79 83.03 90.82 OK
r-release-macos-arm64 1.0.2 46.00 OK
r-release-macos-x86_64 1.0.2 76.00 OK
r-release-windows-x86_64 1.0.2 14.00 102.00 116.00 OK
r-oldrel-macos-arm64 1.0.2 56.00 NOTE
r-oldrel-macos-x86_64 1.0.2 49.00 OK
r-oldrel-windows-x86_64 1.0.2 15.00 139.00 154.00 OK

Check Details

Version: 1.0.2
Check: package dependencies
Result: NOTE Package suggested but not available for checking: ‘PSCBS’ Flavor: r-oldrel-macos-arm64

Version: 1.0.2
Check: Rd cross-references
Result: NOTE Package unavailable to check Rd xrefs: ‘PSCBS’ Flavor: r-oldrel-macos-arm64