CRAN Package Check Results for Package island

Last updated on 2024-06-13 17:49:14 CEST.

Flavor Version Tinstall Tcheck Ttotal Status Flags
r-devel-linux-x86_64-debian-clang 0.2.10 17.70 290.34 308.04 OK
r-devel-linux-x86_64-debian-gcc 0.2.10 14.36 187.59 201.95 ERROR
r-devel-linux-x86_64-fedora-clang 0.2.10 373.02 OK
r-devel-linux-x86_64-fedora-gcc 0.2.10 382.41 OK
r-devel-windows-x86_64 0.2.10 27.00 376.00 403.00 OK
r-patched-linux-x86_64 0.2.10 16.78 277.91 294.69 OK
r-release-linux-x86_64 0.2.10 15.98 278.56 294.54 OK
r-release-macos-arm64 0.2.10 77.00 OK
r-release-macos-x86_64 0.2.10 153.00 OK
r-release-windows-x86_64 0.2.10 28.00 377.00 405.00 OK
r-oldrel-macos-arm64 0.2.10 86.00 OK
r-oldrel-macos-x86_64 0.2.10 286.00 OK
r-oldrel-windows-x86_64 0.2.10 28.00 385.00 413.00 OK

Check Details

Version: 0.2.10
Check: package dependencies
Result: NOTE Package suggested but not available for checking: ‘testthat’ Flavor: r-devel-linux-x86_64-debian-gcc

Version: 0.2.10
Check: tests
Result: ERROR Running ‘testthat.R’ [0s/1s] Running the tests in ‘tests/testthat.R’ failed. Complete output: > library(testthat) Error in library(testthat) : there is no package called 'testthat' Execution halted Flavor: r-devel-linux-x86_64-debian-gcc